Last updated on 2023-12-10 06:50:33 CET.
Flavor | Version | Tinstall | Tcheck | Ttotal | Status | Flags |
---|---|---|---|---|---|---|
r-devel-linux-x86_64-debian-clang | 0.8.2 | 2.83 | 53.66 | 56.49 | NOTE | |
r-devel-linux-x86_64-debian-gcc | 0.8.2 | 2.65 | 40.38 | 43.03 | NOTE | |
r-devel-linux-x86_64-fedora-clang | 0.8.2 | 70.94 | NOTE | |||
r-devel-linux-x86_64-fedora-gcc | 0.8.2 | 78.59 | NOTE | |||
r-devel-windows-x86_64 | 0.8.2 | 4.00 | 61.00 | 65.00 | NOTE | |
r-patched-linux-x86_64 | 0.8.2 | 3.35 | 51.42 | 54.77 | NOTE | |
r-release-linux-x86_64 | 0.8.2 | 2.51 | 50.61 | 53.12 | NOTE | |
r-release-macos-arm64 | 0.8.2 | 35.00 | NOTE | |||
r-release-macos-x86_64 | 0.8.2 | 44.00 | NOTE | |||
r-release-windows-x86_64 | 0.8.2 | 6.00 | 65.00 | 71.00 | NOTE | |
r-oldrel-macos-arm64 | 0.8.2 | 23.00 | NOTE | |||
r-oldrel-macos-x86_64 | 0.8.2 | 41.00 | NOTE | |||
r-oldrel-windows-x86_64 | 0.8.2 | 6.00 | 68.00 | 74.00 | NOTE |
Version: 0.8.2
Check: package subdirectories
Result: NOTE
Problems with news in ‘NEWS.md’:
Cannot extract version info from the following section titles:
Fixed issues
Flavors: r-devel-linux-x86_64-debian-clang, r-devel-linux-x86_64-debian-gcc, r-devel-linux-x86_64-fedora-clang, r-devel-linux-x86_64-fedora-gcc, r-devel-windows-x86_64, r-patched-linux-x86_64, r-release-linux-x86_64, r-release-macos-arm64, r-release-macos-x86_64, r-release-windows-x86_64
Version: 0.8.2
Check: LazyData
Result: NOTE
'LazyData' is specified without a 'data' directory
Flavors: r-devel-linux-x86_64-debian-clang, r-devel-linux-x86_64-debian-gcc, r-devel-linux-x86_64-fedora-clang, r-devel-linux-x86_64-fedora-gcc, r-devel-windows-x86_64, r-patched-linux-x86_64, r-release-linux-x86_64, r-release-macos-arm64, r-release-macos-x86_64, r-release-windows-x86_64, r-oldrel-macos-arm64, r-oldrel-macos-x86_64, r-oldrel-windows-x86_64