Last updated on 2022-08-18 06:49:35 CEST.
Flavor | Version | Tinstall | Tcheck | Ttotal | Status | Flags |
---|---|---|---|---|---|---|
r-devel-linux-x86_64-debian-clang | 0.9-7 | 3.61 | 56.26 | 59.87 | NOTE | |
r-devel-linux-x86_64-debian-gcc | 0.9-7 | 2.84 | 43.47 | 46.31 | NOTE | |
r-devel-linux-x86_64-fedora-clang | 0.9-7 | 83.48 | NOTE | |||
r-devel-linux-x86_64-fedora-gcc | 0.9-7 | 87.44 | NOTE | |||
r-devel-windows-x86_64 | 0.9-7 | 46.00 | 96.00 | 142.00 | NOTE | |
r-patched-linux-x86_64 | 0.9-7 | 3.73 | 54.41 | 58.14 | OK | |
r-release-linux-x86_64 | 0.9-7 | 4.27 | 54.81 | 59.08 | OK | |
r-release-macos-arm64 | 0.9-7 | 26.00 | OK | |||
r-release-macos-x86_64 | 0.9-7 | 40.00 | OK | |||
r-release-windows-x86_64 | 0.9-7 | 44.00 | 95.00 | 139.00 | OK | |
r-oldrel-macos-arm64 | 0.9-7 | 36.00 | OK | |||
r-oldrel-macos-x86_64 | 0.9-7 | 75.00 | OK | |||
r-oldrel-windows-ix86+x86_64 | 0.9-7 | 8.00 | 87.00 | 95.00 | OK |
Version: 0.9-7
Check: Rd files
Result: NOTE
checkRd: (-1) jackal.Rd:32: Escaped LaTeX specials: \&
Flavors: r-devel-linux-x86_64-debian-clang, r-devel-linux-x86_64-debian-gcc, r-devel-linux-x86_64-fedora-clang, r-devel-linux-x86_64-fedora-gcc, r-devel-windows-x86_64