Last updated on 2022-05-24 21:51:49 CEST.
Flavor | Version | Tinstall | Tcheck | Ttotal | Status | Flags |
---|---|---|---|---|---|---|
r-devel-linux-x86_64-debian-clang | 1.1.0 | 6.09 | 62.55 | 68.64 | NOTE | |
r-devel-linux-x86_64-debian-gcc | 1.1.0 | 5.50 | 47.90 | 53.40 | NOTE | |
r-devel-linux-x86_64-fedora-clang | 1.1.0 | 83.42 | NOTE | |||
r-devel-linux-x86_64-fedora-gcc | 1.1.0 | 71.20 | NOTE | |||
r-devel-windows-x86_64 | 1.1.0 | 299.00 | 81.00 | 380.00 | NOTE | |
r-patched-linux-x86_64 | 1.1.0 | 8.40 | 58.08 | 66.48 | NOTE | |
r-release-linux-x86_64 | 1.1.0 | NOTE | ||||
r-release-macos-arm64 | 1.1.0 | 22.00 | NOTE | |||
r-release-macos-x86_64 | 1.1.0 | 52.00 | NOTE | |||
r-release-windows-x86_64 | 1.1.0 | 290.00 | 83.00 | 373.00 | NOTE | |
r-oldrel-macos-arm64 | 1.1.0 | 29.00 | NOTE | |||
r-oldrel-macos-x86_64 | 1.1.0 | 47.00 | NOTE | |||
r-oldrel-windows-ix86+x86_64 | 1.1.0 | 19.00 | 77.00 | 96.00 | NOTE |
Version: 1.1.0
Check: package dependencies
Result: NOTE
Package suggested but not available for checking: 'DMwR'
Flavors: r-devel-linux-x86_64-debian-clang, r-devel-linux-x86_64-debian-gcc, r-devel-linux-x86_64-fedora-clang, r-devel-linux-x86_64-fedora-gcc, r-devel-windows-x86_64, r-patched-linux-x86_64, r-release-linux-x86_64, r-release-macos-arm64, r-release-macos-x86_64, r-release-windows-x86_64
Version: 1.1.0
Check: LazyData
Result: NOTE
'LazyData' is specified without a 'data' directory
Flavors: r-devel-linux-x86_64-debian-clang, r-devel-linux-x86_64-debian-gcc, r-devel-linux-x86_64-fedora-clang, r-devel-linux-x86_64-fedora-gcc, r-devel-windows-x86_64, r-patched-linux-x86_64, r-release-linux-x86_64, r-release-macos-arm64, r-release-macos-x86_64, r-release-windows-x86_64, r-oldrel-macos-arm64, r-oldrel-macos-x86_64, r-oldrel-windows-ix86+x86_64