Last updated on 2025-02-22 21:51:26 CET.
Flavor | Version | Tinstall | Tcheck | Ttotal | Status | Flags |
---|---|---|---|---|---|---|
r-devel-linux-x86_64-debian-clang | 0.1.3 | 11.11 | 94.43 | 105.54 | NOTE | |
r-devel-linux-x86_64-debian-gcc | 0.1.3 | 8.69 | 68.65 | 77.34 | NOTE | |
r-devel-linux-x86_64-fedora-clang | 0.1.3 | 169.55 | OK | |||
r-devel-linux-x86_64-fedora-gcc | 0.1.3 | 158.53 | OK | |||
r-devel-macos-arm64 | 0.1.3 | 48.00 | OK | |||
r-devel-macos-x86_64 | 0.1.3 | 92.00 | OK | |||
r-devel-windows-x86_64 | 0.1.3 | 12.00 | 104.00 | 116.00 | NOTE | |
r-patched-linux-x86_64 | 0.1.3 | 14.35 | 89.21 | 103.56 | OK | |
r-release-linux-x86_64 | 0.1.3 | 10.74 | 87.92 | 98.66 | OK | |
r-release-macos-arm64 | 0.1.3 | 47.00 | OK | |||
r-release-macos-x86_64 | 0.1.3 | 66.00 | OK | |||
r-release-windows-x86_64 | 0.1.3 | 13.00 | 104.00 | 117.00 | OK | |
r-oldrel-macos-arm64 | 0.1.3 | 47.00 | OK | |||
r-oldrel-macos-x86_64 | 0.1.3 | 112.00 | OK | |||
r-oldrel-windows-x86_64 | 0.1.3 | 15.00 | 122.00 | 137.00 | OK |
Version: 0.1.3
Check: Rd cross-references
Result: NOTE
Found the following Rd file(s) with Rd \link{} targets missing package
anchors:
tw_complex.Rd: glmer, lmer
Please provide package anchors for all Rd \link{} targets not in the
package itself and the base packages.
Flavors: r-devel-linux-x86_64-debian-clang, r-devel-linux-x86_64-debian-gcc, r-devel-windows-x86_64