CRAN Package Check Results for Package penalized

Last updated on 2020-07-15 21:48:17 CEST.

Flavor Version Tinstall Tcheck Ttotal Status Flags
r-devel-linux-x86_64-debian-clang 0.9-51 92.27 113.52 205.79 OK
r-devel-linux-x86_64-debian-gcc 0.9-51 71.48 86.91 158.39 OK
r-devel-linux-x86_64-fedora-clang 0.9-51 273.46 NOTE
r-devel-linux-x86_64-fedora-gcc 0.9-51 263.22 OK
r-devel-windows-ix86+x86_64 0.9-51 216.00 193.00 409.00 OK
r-patched-linux-x86_64 0.9-51 75.95 112.83 188.78 OK
r-patched-solaris-x86 0.9-51 292.40 OK
r-release-linux-x86_64 0.9-51 77.10 112.40 189.50 OK
r-release-windows-ix86+x86_64 0.9-51 209.00 151.00 360.00 OK
r-oldrel-macos-x86_64 0.9-51 NOTE
r-oldrel-windows-ix86+x86_64 0.9-51 192.00 179.00 371.00 OK

Check Details

Version: 0.9-51
Check: installed package size
Result: NOTE
     installed size is 6.5Mb
     sub-directories of 1Mb or more:
     libs 5.5Mb
Flavors: r-devel-linux-x86_64-fedora-clang, r-oldrel-macos-x86_64

Version: 0.9-51
Check: package dependencies
Result: NOTE
    Package suggested but not available for checking: ‘globaltest’
Flavor: r-oldrel-macos-x86_64