Last updated on 2024-03-29 00:50:56 CET.
Flavor | Version | Tinstall | Tcheck | Ttotal | Status | Flags |
---|---|---|---|---|---|---|
r-devel-linux-x86_64-debian-clang | 0.2.4 | 16.11 | 95.54 | 111.65 | OK | |
r-devel-linux-x86_64-debian-gcc | 0.2.4 | 11.26 | 72.03 | 83.29 | OK | |
r-devel-linux-x86_64-fedora-clang | 0.2.4 | 149.30 | NOTE | |||
r-devel-linux-x86_64-fedora-gcc | 0.2.4 | 139.38 | NOTE | |||
r-devel-windows-x86_64 | 0.2.4 | 13.00 | 87.00 | 100.00 | OK | |
r-patched-linux-x86_64 | 0.2.4 | 14.67 | 95.47 | 110.14 | OK | |
r-release-linux-x86_64 | 0.2.4 | 9.10 | 91.54 | 100.64 | OK | |
r-release-macos-arm64 | 0.2.4 | 41.00 | OK | |||
r-release-macos-x86_64 | 0.2.4 | 78.00 | OK | |||
r-release-windows-x86_64 | 0.2.4 | 17.00 | 100.00 | 117.00 | OK | |
r-oldrel-macos-arm64 | 0.2.4 | 43.00 | OK | |||
r-oldrel-windows-x86_64 | 0.2.4 | 18.00 | 101.00 | 119.00 | OK |
Version: 0.2.4
Check: data for non-ASCII characters
Result: NOTE
Note: found 4860 marked UTF-8 strings
Flavors: r-devel-linux-x86_64-fedora-clang, r-devel-linux-x86_64-fedora-gcc