CRAN Package Check Results for Package pedmod

Last updated on 2024-03-01 12:52:04 CET.

Flavor Version Tinstall Tcheck Ttotal Status Flags
r-devel-linux-x86_64-debian-clang 0.2.4 192.28 101.93 294.21 NOTE
r-devel-linux-x86_64-debian-gcc 0.2.4 146.65 74.06 220.71 NOTE
r-devel-linux-x86_64-fedora-clang 0.2.4 407.53 NOTE
r-devel-linux-x86_64-fedora-gcc 0.2.4 424.33 NOTE
r-devel-windows-x86_64 0.2.4 137.00 138.00 275.00 NOTE
r-patched-linux-x86_64 0.2.4 141.02 100.53 241.55 OK
r-release-linux-x86_64 0.2.4 132.91 100.32 233.23 OK
r-release-macos-arm64 0.2.4 119.00 NOTE
r-release-macos-x86_64 0.2.4 171.00 NOTE
r-release-windows-x86_64 0.2.4 181.00 167.00 348.00 NOTE
r-oldrel-macos-arm64 0.2.4 99.00 NOTE
r-oldrel-windows-x86_64 0.2.4 170.00 165.00 335.00 NOTE

Additional issues

noRemap

Check Details

Version: 0.2.4
Check: Rd files
Result: NOTE checkRd: (-1) pedigree_ll_terms.Rd:16: Lost braces in \itemize; meant \describe ? checkRd: (-1) pedigree_ll_terms.Rd:17: Lost braces in \itemize; meant \describe ? checkRd: (-1) pedigree_ll_terms.Rd:18: Lost braces in \itemize; meant \describe ? checkRd: (-1) pedigree_ll_terms.Rd:19-20: Lost braces in \itemize; meant \describe ? Flavors: r-devel-linux-x86_64-debian-clang, r-devel-linux-x86_64-debian-gcc, r-devel-linux-x86_64-fedora-clang, r-devel-linux-x86_64-fedora-gcc

Version: 0.2.4
Check: installed package size
Result: NOTE installed size is 5.9Mb sub-directories of 1Mb or more: doc 4.0Mb libs 1.7Mb Flavors: r-devel-linux-x86_64-fedora-clang, r-devel-windows-x86_64, r-release-macos-arm64, r-release-macos-x86_64, r-release-windows-x86_64, r-oldrel-macos-arm64, r-oldrel-windows-x86_64