Last updated on 2023-03-26 21:54:43 CEST.
Flavor | Version | Tinstall | Tcheck | Ttotal | Status | Flags |
---|---|---|---|---|---|---|
r-devel-linux-x86_64-debian-clang | 0.2.4 | 171.82 | 98.83 | 270.65 | OK | |
r-devel-linux-x86_64-debian-gcc | 0.2.4 | 141.36 | 74.25 | 215.61 | OK | |
r-devel-linux-x86_64-fedora-clang | 0.2.4 | 391.67 | NOTE | |||
r-devel-linux-x86_64-fedora-gcc | 0.2.4 | 380.57 | OK | |||
r-patched-linux-x86_64 | 0.2.4 | 143.13 | 99.01 | 242.14 | OK | |
r-release-linux-x86_64 | 0.2.4 | 120.12 | 96.47 | 216.59 | OK | |
r-release-macos-arm64 | 0.2.4 | 99.00 | NOTE | |||
r-release-macos-x86_64 | 0.2.4 | 117.00 | NOTE | |||
r-release-windows-x86_64 | 0.2.4 | 170.00 | 191.00 | 361.00 | NOTE | |
r-oldrel-macos-arm64 | 0.2.4 | 100.00 | NOTE | |||
r-oldrel-macos-x86_64 | 0.2.4 | 121.00 | NOTE | |||
r-oldrel-windows-ix86+x86_64 | 0.2.4 | 404.00 | 270.00 | 674.00 | NOTE |
Version: 0.2.4
Check: installed package size
Result: NOTE
installed size is 6.0Mb
sub-directories of 1Mb or more:
doc 4.0Mb
libs 1.7Mb
Flavors: r-devel-linux-x86_64-fedora-clang, r-release-macos-arm64, r-release-macos-x86_64, r-release-windows-x86_64, r-oldrel-macos-arm64, r-oldrel-macos-x86_64, r-oldrel-windows-ix86+x86_64