Last updated on 2024-04-26 06:49:52 CEST.
Flavor | Version | Tinstall | Tcheck | Ttotal | Status | Flags |
---|---|---|---|---|---|---|
r-devel-linux-x86_64-debian-clang | 0.4.0 | 3.50 | 81.37 | 84.87 | NOTE | |
r-devel-linux-x86_64-debian-gcc | 0.4.0 | 2.52 | 62.63 | 65.15 | NOTE | |
r-devel-linux-x86_64-fedora-clang | 0.4.0 | 106.95 | NOTE | |||
r-devel-linux-x86_64-fedora-gcc | 0.4.0 | 116.48 | NOTE | |||
r-devel-windows-x86_64 | 0.4.0 | 4.00 | 75.00 | 79.00 | NOTE | |
r-patched-linux-x86_64 | 0.4.0 | 3.16 | 79.79 | 82.95 | NOTE | |
r-release-linux-x86_64 | 0.4.0 | 2.37 | 77.50 | 79.87 | NOTE | |
r-release-macos-arm64 | 0.4.0 | 37.00 | NOTE | |||
r-release-windows-x86_64 | 0.4.0 | 5.00 | 74.00 | 79.00 | NOTE | |
r-oldrel-macos-arm64 | 0.4.0 | 44.00 | NOTE | |||
r-oldrel-macos-x86_64 | 0.4.0 | 64.00 | NOTE | |||
r-oldrel-windows-x86_64 | 0.4.0 | 4.00 | 81.00 | 85.00 | NOTE |
Version: 0.4.0
Check: LazyData
Result: NOTE
'LazyData' is specified without a 'data' directory
Flavors: r-devel-linux-x86_64-debian-clang, r-devel-linux-x86_64-debian-gcc, r-devel-linux-x86_64-fedora-clang, r-devel-linux-x86_64-fedora-gcc, r-devel-windows-x86_64, r-patched-linux-x86_64, r-release-linux-x86_64, r-release-macos-arm64, r-release-windows-x86_64, r-oldrel-macos-arm64, r-oldrel-macos-x86_64, r-oldrel-windows-x86_64