Last updated on 2023-12-04 05:50:42 CET.
Flavor | Version | Tinstall | Tcheck | Ttotal | Status | Flags |
---|---|---|---|---|---|---|
r-devel-linux-x86_64-debian-clang | 3.4.0 | 27.01 | 35.57 | 62.58 | OK | |
r-devel-linux-x86_64-debian-gcc | 3.4.0 | 17.88 | 27.89 | 45.77 | OK | |
r-devel-linux-x86_64-fedora-clang | 3.4.0 | 90.17 | NOTE | |||
r-devel-linux-x86_64-fedora-gcc | 3.4.0 | 87.46 | OK | |||
r-devel-windows-x86_64 | 3.4.0 | 35.00 | 117.00 | 152.00 | NOTE | |
r-patched-linux-x86_64 | 3.4.0 | 20.43 | 35.02 | 55.45 | OK | |
r-release-linux-x86_64 | 3.4.0 | 26.73 | 35.15 | 61.88 | OK | |
r-release-macos-arm64 | 3.4.0 | 126.00 | NOTE | |||
r-release-macos-x86_64 | 3.4.0 | 130.00 | NOTE | |||
r-release-windows-x86_64 | 3.4.0 | 43.00 | 130.00 | 173.00 | NOTE | |
r-oldrel-macos-arm64 | 3.4.0 | 34.00 | NOTE | |||
r-oldrel-macos-x86_64 | 3.4.0 | 108.00 | NOTE | |||
r-oldrel-windows-x86_64 | 3.4.0 | 45.00 | 106.00 | 151.00 | NOTE |
Version: 3.4.0
Check: package dependencies
Result: NOTE
Package suggested but not available for checking: ‘tesseract’
Flavor: r-devel-linux-x86_64-fedora-clang
Version: 3.4.0
Check: installed package size
Result: NOTE
installed size is 20.3Mb
sub-directories of 1Mb or more:
libs 7.4Mb
share 12.8Mb
Flavors: r-devel-windows-x86_64, r-release-macos-arm64, r-release-macos-x86_64, r-release-windows-x86_64, r-oldrel-macos-arm64, r-oldrel-macos-x86_64, r-oldrel-windows-x86_64