CRAN Package Check Results for Package pdfminer

Last updated on 2023-11-28 12:51:50 CET.

Flavor Version Tinstall Tcheck Ttotal Status Flags
r-devel-linux-x86_64-debian-clang 1.0 2.22 25.99 28.21 NOTE
r-devel-linux-x86_64-debian-gcc 1.0 1.77 20.76 22.53 NOTE
r-devel-linux-x86_64-fedora-clang 1.0 37.78 NOTE
r-devel-linux-x86_64-fedora-gcc 1.0 36.15 NOTE
r-devel-windows-x86_64 1.0 3.00 48.00 51.00 NOTE
r-patched-linux-x86_64 1.0 2.49 26.05 28.54 NOTE
r-release-linux-x86_64 1.0 2.39 25.78 28.17 NOTE
r-release-macos-arm64 1.0 18.00 NOTE
r-release-macos-x86_64 1.0 23.00 NOTE
r-release-windows-x86_64 1.0 2.00 49.00 51.00 NOTE
r-oldrel-macos-arm64 1.0 18.00 NOTE
r-oldrel-macos-x86_64 1.0 22.00 NOTE
r-oldrel-windows-x86_64 1.0 4.00 51.00 55.00 NOTE

Check Details

Version: 1.0
Check: package dependencies
Result: NOTE Package suggested but not available for checking: ‘PythonInR’ Flavors: r-devel-linux-x86_64-debian-clang, r-devel-linux-x86_64-debian-gcc, r-devel-linux-x86_64-fedora-clang, r-devel-linux-x86_64-fedora-gcc, r-devel-windows-x86_64, r-patched-linux-x86_64, r-release-linux-x86_64, r-release-macos-arm64, r-release-macos-x86_64, r-release-windows-x86_64, r-oldrel-macos-arm64, r-oldrel-macos-x86_64, r-oldrel-windows-x86_64