CRAN Package Check Results for Package pdc

Last updated on 2020-05-26 21:48:02 CEST.

Flavor Version Tinstall Tcheck Ttotal Status Flags
r-devel-linux-x86_64-debian-clang 1.0.3 10.47 26.95 37.42 OK
r-devel-linux-x86_64-debian-gcc 1.0.3 12.85 21.55 34.40 OK
r-devel-linux-x86_64-fedora-clang 1.0.3 47.84 NOTE
r-devel-linux-x86_64-fedora-gcc 1.0.3 52.73 NOTE
r-devel-windows-ix86+x86_64 1.0.3 38.00 50.00 88.00 OK
r-patched-linux-x86_64 1.0.3 12.36 27.13 39.49 OK
r-patched-solaris-x86 1.0.3 75.70 OK
r-release-linux-x86_64 1.0.3 12.32 28.12 40.44 OK
r-release-osx-x86_64 1.0.3 OK
r-release-windows-ix86+x86_64 1.0.3 31.00 61.00 92.00 OK
r-oldrel-osx-x86_64 1.0.3 OK
r-oldrel-windows-ix86+x86_64 1.0.3 41.00 47.00 88.00 OK

Check Details

Version: 1.0.3
Check: compiled code
Result: NOTE
    File ‘pdc/libs/pdc.so’:
     Found no calls to: ‘R_registerRoutines’, ‘R_useDynamicSymbols’
    
    It is good practice to register native routines and to disable symbol
    search.
    
    See ‘Writing portable packages’ in the ‘Writing R Extensions’ manual.
Flavors: r-devel-linux-x86_64-fedora-clang, r-devel-linux-x86_64-fedora-gcc