Last updated on 2023-01-29 06:52:07 CET.
Flavor | Version | Tinstall | Tcheck | Ttotal | Status | Flags |
---|---|---|---|---|---|---|
r-devel-linux-x86_64-debian-clang | 0.15.5 | 48.04 | 278.39 | 326.43 | OK | |
r-devel-linux-x86_64-debian-gcc | 0.15.5 | 32.96 | 202.48 | 235.44 | OK | |
r-devel-linux-x86_64-fedora-clang | 0.15.5 | 389.55 | OK | |||
r-devel-linux-x86_64-fedora-gcc | 0.15.5 | 404.92 | OK | |||
r-devel-windows-x86_64 | 0.15.5 | 77.00 | 334.00 | 411.00 | OK | |
r-patched-linux-x86_64 | 0.15.5 | 50.51 | 263.35 | 313.86 | OK | |
r-release-linux-x86_64 | 0.15.5 | 41.08 | 265.06 | 306.14 | OK | |
r-release-macos-arm64 | 0.15.5 | 111.00 | OK | |||
r-release-macos-x86_64 | 0.15.5 | 129.00 | NOTE | |||
r-release-windows-x86_64 | 0.15.5 | 153.00 | 331.00 | 484.00 | OK | |
r-oldrel-macos-arm64 | 0.15.5 | 96.00 | OK | |||
r-oldrel-macos-x86_64 | 0.15.5 | 124.00 | OK | |||
r-oldrel-windows-ix86+x86_64 | 0.15.5 | 78.00 | 301.00 | 379.00 | OK |
Version: 0.15.5
Check: package dependencies
Result: NOTE
Package suggested but not available for checking: ‘partsm’
Flavor: r-release-macos-x86_64