Last updated on 2024-04-19 21:56:36 CEST.
Flavor | Version | Tinstall | Tcheck | Ttotal | Status | Flags |
---|---|---|---|---|---|---|
r-devel-linux-x86_64-debian-clang | 0.9.9 | 3.85 | 52.61 | 56.46 | OK | |
r-devel-linux-x86_64-debian-gcc | 0.9.9 | OK | ||||
r-devel-linux-x86_64-fedora-clang | 0.9.9 | 74.91 | NOTE | |||
r-devel-linux-x86_64-fedora-gcc | 0.9.9 | 87.79 | NOTE | |||
r-prerel-macos-arm64 | 0.9.9 | 41.00 | OK | |||
r-prerel-windows-x86_64 | 0.9.9 | 5.00 | 71.00 | 76.00 | OK | |
r-patched-linux-x86_64 | 0.9.9 | 3.88 | 49.82 | 53.70 | OK | |
r-release-linux-x86_64 | 0.9.9 | 2.36 | 48.69 | 51.05 | OK | |
r-release-macos-arm64 | 0.9.9 | 42.00 | OK | |||
r-release-macos-x86_64 | 0.9.9 | 65.00 | OK | |||
r-release-windows-x86_64 | 0.9.9 | 6.00 | 74.00 | 80.00 | OK | |
r-oldrel-macos-arm64 | 0.9.9 | 36.00 | OK | |||
r-oldrel-windows-x86_64 | 0.9.9 | 7.00 | 76.00 | 83.00 | OK |
Version: 0.9.9
Check: data for non-ASCII characters
Result: NOTE
Note: found 11 marked UTF-8 strings
Flavors: r-devel-linux-x86_64-fedora-clang, r-devel-linux-x86_64-fedora-gcc