Last updated on 2025-04-29 12:52:44 CEST.
Flavor | Version | Tinstall | Tcheck | Ttotal | Status | Flags |
---|---|---|---|---|---|---|
r-devel-linux-x86_64-debian-clang | 2.8 | 6.47 | 45.09 | 51.56 | NOTE | |
r-devel-linux-x86_64-debian-gcc | 2.8 | 3.20 | 30.91 | 34.11 | OK | |
r-devel-linux-x86_64-fedora-clang | 2.8 | 82.90 | OK | |||
r-devel-linux-x86_64-fedora-gcc | 2.8 | 75.14 | OK | |||
r-devel-windows-x86_64 | 2.8 | 6.00 | 63.00 | 69.00 | OK | |
r-patched-linux-x86_64 | 2.8 | 6.73 | 41.38 | 48.11 | OK | |
r-release-linux-x86_64 | 2.8 | 4.55 | 40.98 | 45.53 | OK | |
r-release-macos-arm64 | 2.8 | 27.00 | OK | |||
r-release-macos-x86_64 | 2.8 | 45.00 | OK | |||
r-release-windows-x86_64 | 2.8 | 7.00 | 66.00 | 73.00 | OK | |
r-oldrel-macos-arm64 | 2.8 | 23.00 | OK | |||
r-oldrel-macos-x86_64 | 2.8 | 33.00 | OK | |||
r-oldrel-windows-x86_64 | 2.8 | 6.00 | 70.00 | 76.00 | OK |
Version: 2.8
Check: examples
Result: NOTE
Examples with CPU (user + system) or elapsed time > 5s
user system elapsed
nma.ab.bin 4.697 0.002 5.966
Flavor: r-devel-linux-x86_64-debian-clang