Last updated on 2025-04-30 12:49:11 CEST.
Flavor | Version | Tinstall | Tcheck | Ttotal | Status | Flags |
---|---|---|---|---|---|---|
r-devel-linux-x86_64-debian-clang | 1.1.3 | 14.14 | 105.22 | 119.36 | NOTE | |
r-devel-linux-x86_64-debian-gcc | 1.1.3 | 9.05 | 73.47 | 82.52 | NOTE | |
r-devel-linux-x86_64-fedora-clang | 1.1.3 | 186.38 | NOTE | |||
r-devel-linux-x86_64-fedora-gcc | 1.1.3 | 168.29 | NOTE | |||
r-devel-windows-x86_64 | 1.1.3 | 14.00 | 104.00 | 118.00 | NOTE | |
r-patched-linux-x86_64 | 1.1.3 | 14.67 | 98.96 | 113.63 | NOTE | |
r-release-linux-x86_64 | 1.1.3 | 13.51 | 98.19 | 111.70 | NOTE | |
r-release-macos-arm64 | 1.1.3 | 48.00 | NOTE | |||
r-release-macos-x86_64 | 1.1.3 | 150.00 | NOTE | |||
r-release-windows-x86_64 | 1.1.3 | 13.00 | 121.00 | 134.00 | NOTE | |
r-oldrel-macos-arm64 | 1.1.3 | 42.00 | NOTE | |||
r-oldrel-macos-x86_64 | 1.1.3 | 135.00 | NOTE | |||
r-oldrel-windows-x86_64 | 1.1.3 | 19.00 | 131.00 | 150.00 | NOTE |
Version: 1.1.3
Check: CRAN incoming feasibility
Result: NOTE
Maintainer: ‘Krzysztof Bartoszek <krzbar@protonmail.ch>’
No Authors@R field in DESCRIPTION.
Please add one, modifying
Authors@R: c(person(given = "Krzysztof",
family = "Bartoszek",
role = c("aut", "cre"),
email = "krzbar@protonmail.ch"),
person(given = "Pietro",
family = "Lio'",
role = "aut"))
as necessary.
Package CITATION file contains call(s) to old-style personList() or
as.personList(). Please use c() on person objects instead.
Package CITATION file contains call(s) to old-style citEntry(). Please
use bibentry() instead.
Flavors: r-devel-linux-x86_64-debian-clang, r-devel-linux-x86_64-debian-gcc
Version: 1.1.3
Check: Rd files
Result: NOTE
checkRd: (-1) PCM_ABC.Rd:106: Lost braces in \itemize; meant \describe ?
checkRd: (-1) PCM_ABC.Rd:108-109: Lost braces in \itemize; meant \describe ?
checkRd: (-1) PCM_ABC.Rd:114: Lost braces in \itemize; meant \describe ?
checkRd: (-1) PCM_ABC.Rd:115: Lost braces in \itemize; meant \describe ?
checkRd: (-1) PCM_ABC.Rd:117: Lost braces in \itemize; meant \describe ?
checkRd: (-1) PCM_ABC.Rd:205-207: Lost braces in \itemize; meant \describe ?
checkRd: (-1) PCM_ABC.Rd:208-211: Lost braces in \itemize; meant \describe ?
checkRd: (-1) PCM_ABC.Rd:212-216: Lost braces in \itemize; meant \describe ?
checkRd: (-1) PCM_ABC.Rd:221-224: Lost braces in \itemize; meant \describe ?
checkRd: (-1) PCM_ABC.Rd:225-228: Lost braces in \itemize; meant \describe ?
checkRd: (-1) PCM_ABC.Rd:229-231: Lost braces in \itemize; meant \describe ?
checkRd: (-1) PCM_ABC.Rd:232: Lost braces in \itemize; meant \describe ?
checkRd: (-1) PCM_ABC.Rd:233: Lost braces in \itemize; meant \describe ?
checkRd: (-1) PCM_ABC.Rd:234: Lost braces in \itemize; meant \describe ?
checkRd: (-1) PCM_ABC.Rd:235: Lost braces in \itemize; meant \describe ?
checkRd: (-1) PCM_ABC.Rd:236: Lost braces in \itemize; meant \describe ?
checkRd: (-1) PCM_ABC.Rd:237: Lost braces in \itemize; meant \describe ?
checkRd: (-1) PCM_ABC.Rd:238: Lost braces in \itemize; meant \describe ?
checkRd: (-1) PCM_ABC.Rd:239: Lost braces in \itemize; meant \describe ?
checkRd: (-1) PCM_ABC.Rd:240: Lost braces in \itemize; meant \describe ?
checkRd: (-1) simulate_phylproc.Rd:56: Lost braces in \itemize; meant \describe ?
checkRd: (-1) simulate_phylproc.Rd:58-59: Lost braces in \itemize; meant \describe ?
checkRd: (-1) simulate_phylproc.Rd:64: Lost braces in \itemize; meant \describe ?
checkRd: (-1) simulate_phylproc.Rd:65: Lost braces in \itemize; meant \describe ?
checkRd: (-1) simulate_phylproc.Rd:67: Lost braces in \itemize; meant \describe ?
Flavors: r-devel-linux-x86_64-debian-clang, r-devel-linux-x86_64-debian-gcc, r-devel-linux-x86_64-fedora-clang, r-devel-linux-x86_64-fedora-gcc, r-devel-windows-x86_64, r-patched-linux-x86_64, r-release-linux-x86_64, r-release-macos-arm64, r-release-macos-x86_64, r-release-windows-x86_64, r-oldrel-macos-arm64, r-oldrel-macos-x86_64, r-oldrel-windows-x86_64