CRAN Package Check Results for Package pcadapt

Last updated on 2021-01-19 06:51:11 CET.

Flavor Version Tinstall Tcheck Ttotal Status Flags
r-devel-linux-x86_64-debian-clang 4.3.3 99.07 52.81 151.88 OK
r-devel-linux-x86_64-debian-gcc 4.3.3 60.93 39.98 100.91 OK
r-devel-linux-x86_64-fedora-clang 4.3.3 217.41 NOTE
r-devel-linux-x86_64-fedora-gcc 4.3.3 179.26 OK
r-devel-windows-ix86+x86_64 4.3.3 197.00 81.00 278.00 NOTE
r-patched-linux-x86_64 4.3.3 75.29 48.57 123.86 OK
r-patched-solaris-x86 4.3.3 185.00 OK
r-release-linux-x86_64 4.3.3 71.00 48.65 119.65 OK
r-release-macos-x86_64 4.3.3 NOTE
r-release-windows-ix86+x86_64 4.3.3 220.00 78.00 298.00 NOTE
r-oldrel-macos-x86_64 4.3.3 NOTE
r-oldrel-windows-ix86+x86_64 4.3.3 164.00 68.00 232.00 NOTE

Check Details

Version: 4.3.3
Check: installed package size
Result: NOTE
     installed size is 7.0Mb
     sub-directories of 1Mb or more:
     extdata 2.7Mb
     libs 3.5Mb
Flavors: r-devel-linux-x86_64-fedora-clang, r-devel-windows-ix86+x86_64, r-release-macos-x86_64, r-release-windows-ix86+x86_64, r-oldrel-macos-x86_64, r-oldrel-windows-ix86+x86_64

Version: 4.3.3
Check: package dependencies
Result: NOTE
    Package suggested but not available for checking: ‘vcfR’
Flavor: r-release-macos-x86_64