Last updated on 2023-03-24 03:54:25 CET.
Flavor | Version | Tinstall | Tcheck | Ttotal | Status | Flags |
---|---|---|---|---|---|---|
r-devel-linux-x86_64-debian-clang | 4.3.3 | 93.13 | 56.66 | 149.79 | NOTE | |
r-devel-linux-x86_64-debian-gcc | 4.3.3 | 73.06 | 43.67 | 116.73 | NOTE | |
r-devel-linux-x86_64-fedora-clang | 4.3.3 | 235.17 | NOTE | |||
r-devel-linux-x86_64-fedora-gcc | 4.3.3 | 190.42 | NOTE | |||
r-patched-linux-x86_64 | 4.3.3 | 81.88 | 55.71 | 137.59 | NOTE | |
r-release-linux-x86_64 | 4.3.3 | 78.36 | 55.19 | 133.55 | NOTE | |
r-release-macos-arm64 | 4.3.3 | 57.00 | NOTE | |||
r-release-macos-x86_64 | 4.3.3 | 95.00 | NOTE | |||
r-release-windows-x86_64 | 4.3.3 | 118.00 | 115.00 | 233.00 | NOTE | |
r-oldrel-macos-arm64 | 4.3.3 | 59.00 | NOTE | |||
r-oldrel-macos-x86_64 | 4.3.3 | 88.00 | NOTE | |||
r-oldrel-windows-ix86+x86_64 | 4.3.3 | 272.00 | 120.00 | 392.00 | NOTE |
Version: 4.3.3
Check: C++ specification
Result: NOTE
Specified C++11: please drop specification unless essential
Flavors: r-devel-linux-x86_64-debian-clang, r-devel-linux-x86_64-debian-gcc, r-devel-linux-x86_64-fedora-clang, r-devel-linux-x86_64-fedora-gcc
Version: 4.3.3
Check: package subdirectories
Result: NOTE
Problems with news in ‘NEWS.md’:
No news entries found.
Flavors: r-devel-linux-x86_64-debian-clang, r-devel-linux-x86_64-debian-gcc, r-devel-linux-x86_64-fedora-clang, r-devel-linux-x86_64-fedora-gcc
Version: 4.3.3
Check: LazyData
Result: NOTE
'LazyData' is specified without a 'data' directory
Flavors: r-devel-linux-x86_64-debian-clang, r-devel-linux-x86_64-debian-gcc, r-devel-linux-x86_64-fedora-clang, r-devel-linux-x86_64-fedora-gcc, r-patched-linux-x86_64, r-release-linux-x86_64, r-release-macos-arm64, r-release-macos-x86_64, r-release-windows-x86_64, r-oldrel-macos-arm64, r-oldrel-macos-x86_64, r-oldrel-windows-ix86+x86_64
Version: 4.3.3
Check: installed package size
Result: NOTE
installed size is 6.0Mb
sub-directories of 1Mb or more:
extdata 2.7Mb
libs 2.5Mb
Flavors: r-release-macos-arm64, r-release-macos-x86_64, r-oldrel-macos-arm64, r-oldrel-macos-x86_64, r-oldrel-windows-ix86+x86_64