Last updated on 2025-01-20 06:48:29 CET.
Flavor | Version | Tinstall | Tcheck | Ttotal | Status | Flags |
---|---|---|---|---|---|---|
r-devel-linux-x86_64-debian-clang | 1.5.4 | 1098.09 | 234.14 | 1332.23 | OK | |
r-devel-linux-x86_64-debian-gcc | 1.5.4 | 1032.61 | 247.97 | 1280.58 | OK | |
r-devel-linux-x86_64-fedora-clang | 1.5.4 | 2058.76 | NOTE | |||
r-devel-linux-x86_64-fedora-gcc | 1.5.4 | 1726.78 | NOTE | |||
r-devel-windows-x86_64 | 1.5.4 | 1005.00 | 360.00 | 1365.00 | OK | |
r-patched-linux-x86_64 | 1.5.4 | 1155.38 | 332.69 | 1488.07 | NOTE | |
r-release-linux-x86_64 | 1.5.4 | 1333.47 | 334.38 | 1667.85 | NOTE | |
r-release-macos-arm64 | 1.5.4 | 489.00 | NOTE | |||
r-release-macos-x86_64 | 1.5.4 | 580.00 | NOTE | |||
r-release-windows-x86_64 | 1.5.4 | 959.00 | 368.00 | 1327.00 | NOTE | |
r-oldrel-macos-arm64 | 1.5.4 | 854.00 | NOTE | |||
r-oldrel-macos-x86_64 | 1.5.4 | 1104.00 | NOTE | |||
r-oldrel-windows-x86_64 | 1.5.4 | 1343.00 | 425.00 | 1768.00 | NOTE |
Version: 1.5.4
Check: dependencies in R code
Result: NOTE
Namespace in Imports field not imported from: ‘rstantools’
All declared Imports should be used.
Flavors: r-devel-linux-x86_64-fedora-clang, r-devel-linux-x86_64-fedora-gcc
Version: 1.5.4
Check: for GNU extensions in Makefiles
Result: NOTE
GNU make is a SystemRequirements.
Flavors: r-patched-linux-x86_64, r-release-linux-x86_64, r-release-macos-arm64, r-release-macos-x86_64, r-release-windows-x86_64, r-oldrel-macos-arm64, r-oldrel-macos-x86_64, r-oldrel-windows-x86_64
Version: 1.5.4
Check: installed package size
Result: NOTE
installed size is 154.2Mb
sub-directories of 1Mb or more:
doc 2.9Mb
libs 150.6Mb
Flavors: r-release-macos-arm64, r-release-macos-x86_64, r-release-windows-x86_64, r-oldrel-macos-arm64, r-oldrel-macos-x86_64, r-oldrel-windows-x86_64