Last updated on 2025-02-22 12:50:44 CET.
Flavor | Version | Tinstall | Tcheck | Ttotal | Status | Flags |
---|---|---|---|---|---|---|
r-devel-linux-x86_64-debian-clang | 1.3.5 | 2.81 | 30.88 | 33.69 | OK | |
r-devel-linux-x86_64-debian-gcc | 1.3.5 | 2.44 | 23.61 | 26.05 | OK | |
r-devel-linux-x86_64-fedora-clang | 1.3.5 | 53.61 | OK | |||
r-devel-linux-x86_64-fedora-gcc | 1.3.5 | 75.62 | OK | |||
r-devel-macos-arm64 | 1.3.5 | 27.00 | OK | |||
r-devel-macos-x86_64 | 1.3.5 | 53.00 | OK | |||
r-devel-windows-x86_64 | 1.3.5 | 5.00 | 52.00 | 57.00 | OK | |
r-patched-linux-x86_64 | 1.3.5 | 3.16 | 29.47 | 32.63 | OK | |
r-release-linux-x86_64 | 1.3.5 | 2.99 | 29.51 | 32.50 | OK | |
r-release-macos-arm64 | 1.3.5 | 26.00 | OK | |||
r-release-macos-x86_64 | 1.3.5 | 40.00 | OK | |||
r-release-windows-x86_64 | 1.3.5 | 4.00 | 51.00 | 55.00 | OK | |
r-oldrel-macos-arm64 | 1.3.5 | 28.00 | OK | |||
r-oldrel-macos-x86_64 | 1.3.5 | 38.00 | NOTE | |||
r-oldrel-windows-x86_64 | 1.3.5 | 5.00 | 55.00 | 60.00 | OK |
Version: 1.3.5
Check: package dependencies
Result: NOTE
Package suggested but not available for checking: ‘PerformanceAnalytics’
Flavor: r-oldrel-macos-x86_64