CRAN Package Check Results for Package pbixr

Last updated on 2022-01-21 12:56:17 CET.

Flavor Version Tinstall Tcheck Ttotal Status Flags
r-devel-linux-x86_64-debian-clang 0.1.4 5.52 65.06 70.58 NOTE
r-devel-linux-x86_64-debian-gcc 0.1.4 4.29 48.91 53.20 NOTE
r-devel-linux-x86_64-fedora-clang 0.1.4 84.00 NOTE
r-devel-linux-x86_64-fedora-gcc 0.1.4 76.73 NOTE
r-devel-windows-x86_64-new-UL 0.1.4 25.00 83.00 108.00 NOTE
r-devel-windows-x86_64-new-TK 0.1.4 NOTE
r-patched-linux-x86_64 0.1.4 5.49 61.04 66.53 NOTE
r-release-linux-x86_64 0.1.4 3.72 59.90 63.62 NOTE
r-release-macos-arm64 0.1.4 NOTE
r-release-macos-x86_64 0.1.4 NOTE
r-release-windows-ix86+x86_64 0.1.4 14.00 72.00 86.00 NOTE
r-oldrel-macos-x86_64 0.1.4 OK
r-oldrel-windows-ix86+x86_64 0.1.4 14.00 76.00 90.00 OK

Check Details

Version: 0.1.4
Check: LazyData
Result: NOTE
     'LazyData' is specified without a 'data' directory
Flavors: r-devel-linux-x86_64-debian-clang, r-devel-linux-x86_64-debian-gcc, r-devel-linux-x86_64-fedora-clang, r-devel-linux-x86_64-fedora-gcc, r-devel-windows-x86_64-new-UL, r-devel-windows-x86_64-new-TK, r-patched-linux-x86_64, r-release-linux-x86_64, r-release-macos-arm64, r-release-macos-x86_64, r-release-windows-ix86+x86_64