CRAN Package Check Results for Package paws.analytics

Last updated on 2022-12-09 21:53:52 CET.

Flavor Version Tinstall Tcheck Ttotal Status Flags
r-devel-linux-x86_64-debian-clang 0.1.12 60.71 162.55 223.26 NOTE
r-devel-linux-x86_64-debian-gcc 0.1.12 39.73 142.75 182.48 NOTE
r-devel-linux-x86_64-fedora-clang 0.1.12 323.04 NOTE
r-devel-linux-x86_64-fedora-gcc 0.1.12 308.98 NOTE
r-devel-windows-x86_64 0.1.12 628.00 348.00 976.00 NOTE
r-patched-linux-x86_64 0.1.12 65.22 102.34 167.56 OK
r-release-linux-x86_64 0.1.12 49.02 102.88 151.90 OK
r-release-macos-arm64 0.1.12 48.00 OK
r-release-macos-x86_64 0.1.12 95.00 OK
r-release-windows-x86_64 0.1.12 561.00 175.00 736.00 OK
r-oldrel-macos-arm64 0.1.12 70.00 OK
r-oldrel-macos-x86_64 0.1.12 86.00 OK
r-oldrel-windows-ix86+x86_64 0.1.12 84.00 128.00 212.00 OK

Check Details

Version: 0.1.12
Check: Rd files
Result: NOTE
    checkRd: (-1) glue_search_tables.Rd:24: Escaped LaTeX specials: \#
Flavors: r-devel-linux-x86_64-debian-clang, r-devel-linux-x86_64-debian-gcc, r-devel-linux-x86_64-fedora-clang, r-devel-linux-x86_64-fedora-gcc, r-devel-windows-x86_64