CRAN Package Check Results for Package pavo

Last updated on 2022-01-19 21:50:43 CET.

Flavor Version Tinstall Tcheck Ttotal Status Flags
r-devel-linux-x86_64-debian-clang 2.7.1 OK
r-devel-linux-x86_64-debian-gcc 2.7.1 14.82 149.64 164.46 OK
r-devel-linux-x86_64-fedora-clang 2.7.1 278.78 NOTE
r-devel-linux-x86_64-fedora-gcc 2.7.1 269.14 OK
r-devel-windows-x86_64-new-UL 2.7.1 96.00 187.00 283.00 OK
r-devel-windows-x86_64-new-TK 2.7.1 OK
r-patched-linux-x86_64 2.7.1 20.18 203.42 223.60 OK
r-release-linux-x86_64 2.7.1 OK
r-release-macos-arm64 2.7.1 OK
r-release-macos-x86_64 2.7.1 OK
r-release-windows-ix86+x86_64 2.7.1 26.00 225.00 251.00 OK
r-oldrel-macos-x86_64 2.7.1 OK
r-oldrel-windows-ix86+x86_64 2.7.1 27.00 221.00 248.00 OK

Check Details

Version: 2.7.1
Check: Rd cross-references
Result: NOTE
    Undeclared package ‘future’ in Rd xrefs
Flavor: r-devel-linux-x86_64-fedora-clang