Last updated on 2023-12-09 12:49:30 CET.
Flavor | Version | Tinstall | Tcheck | Ttotal | Status | Flags |
---|---|---|---|---|---|---|
r-devel-linux-x86_64-debian-clang | 0.1.0 | 6.46 | 48.72 | 55.18 | OK | |
r-devel-linux-x86_64-debian-gcc | 0.1.0 | 4.58 | 37.31 | 41.89 | OK | |
r-devel-linux-x86_64-fedora-clang | 0.1.0 | 66.51 | NOTE | |||
r-devel-linux-x86_64-fedora-gcc | 0.1.0 | 63.90 | NOTE | |||
r-devel-windows-x86_64 | 0.1.0 | 6.00 | 55.00 | 61.00 | OK | |
r-patched-linux-x86_64 | 0.1.0 | 4.26 | 48.42 | 52.68 | OK | |
r-release-linux-x86_64 | 0.1.0 | 3.52 | 47.22 | 50.74 | OK | |
r-release-macos-arm64 | 0.1.0 | 24.00 | OK | |||
r-release-macos-x86_64 | 0.1.0 | 37.00 | OK | |||
r-release-windows-x86_64 | 0.1.0 | 7.00 | 61.00 | 68.00 | OK | |
r-oldrel-macos-arm64 | 0.1.0 | 23.00 | NOTE | |||
r-oldrel-macos-x86_64 | 0.1.0 | 38.00 | NOTE | |||
r-oldrel-windows-x86_64 | 0.1.0 | 7.00 | 65.00 | 72.00 | OK |
Version: 0.1.0
Check: dependencies in R code
Result: NOTE
Namespaces in Imports field not imported from:
‘testthat’ ‘usethis’ ‘utils’
All declared Imports should be used.
Flavors: r-devel-linux-x86_64-fedora-clang, r-devel-linux-x86_64-fedora-gcc, r-oldrel-macos-arm64, r-oldrel-macos-x86_64