CRAN Package Check Results for Package patchwork

Last updated on 2022-01-25 12:55:42 CET.

Flavor Version Tinstall Tcheck Ttotal Status Flags
r-devel-linux-x86_64-debian-clang 1.1.1 6.87 133.00 139.87 NOTE
r-devel-linux-x86_64-debian-gcc 1.1.1 6.77 96.70 103.47 NOTE
r-devel-linux-x86_64-fedora-clang 1.1.1 161.18 NOTE
r-devel-linux-x86_64-fedora-gcc 1.1.1 150.68 NOTE
r-devel-windows-x86_64-new-UL 1.1.1 346.00 152.00 498.00 NOTE
r-devel-windows-x86_64-new-TK 1.1.1 NOTE
r-patched-linux-x86_64 1.1.1 7.20 116.50 123.70 NOTE
r-release-linux-x86_64 1.1.1 7.38 115.64 123.02 NOTE
r-release-macos-arm64 1.1.1 NOTE
r-release-macos-x86_64 1.1.1 NOTE
r-release-windows-ix86+x86_64 1.1.1 17.00 136.00 153.00 NOTE
r-oldrel-macos-x86_64 1.1.1 OK
r-oldrel-windows-ix86+x86_64 1.1.1 17.00 137.00 154.00 OK

Check Details

Version: 1.1.1
Check: LazyData
Result: NOTE
     'LazyData' is specified without a 'data' directory
Flavors: r-devel-linux-x86_64-debian-clang, r-devel-linux-x86_64-debian-gcc, r-devel-linux-x86_64-fedora-clang, r-devel-linux-x86_64-fedora-gcc, r-devel-windows-x86_64-new-UL, r-devel-windows-x86_64-new-TK, r-patched-linux-x86_64, r-release-linux-x86_64, r-release-macos-arm64, r-release-macos-x86_64, r-release-windows-ix86+x86_64