Last updated on 2023-03-23 03:53:28 CET.
Flavor | Version | Tinstall | Tcheck | Ttotal | Status | Flags |
---|---|---|---|---|---|---|
r-devel-linux-x86_64-debian-clang | 0.1-4 | 3.06 | 28.72 | 31.78 | OK | |
r-devel-linux-x86_64-debian-gcc | 0.1-4 | 2.45 | 22.83 | 25.28 | OK | |
r-devel-linux-x86_64-fedora-clang | 0.1-4 | 41.94 | OK | |||
r-devel-linux-x86_64-fedora-gcc | 0.1-4 | 40.31 | NOTE | |||
r-patched-linux-x86_64 | 0.1-4 | 2.67 | 30.57 | 33.24 | OK | |
r-release-linux-x86_64 | 0.1-4 | 3.30 | 30.37 | 33.67 | OK | |
r-release-macos-arm64 | 0.1-4 | 17.00 | OK | |||
r-release-macos-x86_64 | 0.1-4 | 23.00 | OK | |||
r-release-windows-x86_64 | 0.1-4 | 15.00 | 71.00 | 86.00 | OK | |
r-oldrel-macos-arm64 | 0.1-4 | 21.00 | OK | |||
r-oldrel-macos-x86_64 | 0.1-4 | 28.00 | OK | |||
r-oldrel-windows-ix86+x86_64 | 0.1-4 | 9.00 | 57.00 | 66.00 | OK |
Version: 0.1-4
Check: for non-standard things in the check directory
Result: NOTE
Found the following files/directories:
‘Minimal-concordance.tex’ ‘Minimal.Rnw’ ‘Minimal.pdf’
‘Minimal.synctex.gz’ ‘Minimal.tex’ ‘figure’
Flavor: r-devel-linux-x86_64-fedora-gcc