Last updated on 2023-01-29 06:52:07 CET.
Flavor | Version | Tinstall | Tcheck | Ttotal | Status | Flags |
---|---|---|---|---|---|---|
r-devel-linux-x86_64-debian-clang | 1.3.21 | 10.67 | 58.22 | 68.89 | NOTE | |
r-devel-linux-x86_64-debian-gcc | 1.3.21 | 7.45 | 44.30 | 51.75 | NOTE | |
r-devel-linux-x86_64-fedora-clang | 1.3.21 | 81.54 | NOTE | |||
r-devel-linux-x86_64-fedora-gcc | 1.3.21 | 80.58 | NOTE | |||
r-devel-windows-x86_64 | 1.3.21 | 51.00 | 95.00 | 146.00 | NOTE | |
r-patched-linux-x86_64 | 1.3.21 | 12.08 | 54.18 | 66.26 | OK | |
r-release-linux-x86_64 | 1.3.21 | 10.06 | 55.02 | 65.08 | OK | |
r-release-macos-arm64 | 1.3.21 | 24.00 | OK | |||
r-release-macos-x86_64 | 1.3.21 | 36.00 | OK | |||
r-release-windows-x86_64 | 1.3.21 | 35.00 | 90.00 | 125.00 | OK | |
r-oldrel-macos-arm64 | 1.3.21 | 29.00 | OK | |||
r-oldrel-macos-x86_64 | 1.3.21 | 52.00 | OK | |||
r-oldrel-windows-ix86+x86_64 | 1.3.21 | 14.00 | 84.00 | 98.00 | OK |
Version: 1.3.21
Check: Rd files
Result: NOTE
checkRd: (-1) regul.Rd:52: Escaped LaTeX specials: \# \# \#
checkRd: (-1) regul.Rd:52: Escaped LaTeX specials: \#
Flavors: r-devel-linux-x86_64-debian-clang, r-devel-linux-x86_64-debian-gcc, r-devel-linux-x86_64-fedora-clang, r-devel-linux-x86_64-fedora-gcc, r-devel-windows-x86_64