CRAN Package Check Results for Package parzer

Last updated on 2022-01-29 06:49:43 CET.

Flavor Version Tinstall Tcheck Ttotal Status Flags
r-devel-linux-x86_64-debian-clang 0.4.1 60.04 42.55 102.59 OK
r-devel-linux-x86_64-debian-gcc 0.4.1 46.79 32.33 79.12 OK
r-devel-linux-x86_64-fedora-clang 0.4.1 149.89 OK
r-devel-linux-x86_64-fedora-gcc 0.4.1 135.00 OK
r-devel-windows-x86_64-new-UL 0.4.1 67.00 91.00 158.00 OK
r-devel-windows-x86_64-new-TK 0.4.1 OK
r-patched-linux-x86_64 0.4.1 58.79 38.55 97.34 OK
r-release-linux-x86_64 0.4.1 55.92 38.64 94.56 OK
r-release-macos-arm64 0.4.1 NOTE
r-release-macos-x86_64 0.4.1 OK
r-release-windows-ix86+x86_64 0.4.1 154.00 83.00 237.00 OK
r-oldrel-macos-x86_64 0.4.1 OK
r-oldrel-windows-ix86+x86_64 0.4.1 155.00 85.00 240.00 OK

Check Details

Version: 0.4.1
Check: installed package size
Result: NOTE
     installed size is 5.0Mb
     sub-directories of 1Mb or more:
     doc 1.2Mb
     libs 3.7Mb
Flavor: r-release-macos-arm64