CRAN Package Check Results for Package partools

Last updated on 2023-03-27 06:50:15 CEST.

Flavor Version Tinstall Tcheck Ttotal Status Flags
r-devel-linux-x86_64-debian-clang 1.1.6 14.62 127.67 142.29 NOTE
r-devel-linux-x86_64-debian-gcc 1.1.6 11.50 96.17 107.67 NOTE
r-devel-linux-x86_64-fedora-clang 1.1.6 178.95 NOTE
r-devel-linux-x86_64-fedora-gcc 1.1.6 176.02 NOTE
r-patched-linux-x86_64 1.1.6 13.38 118.78 132.16 NOTE
r-release-linux-x86_64 1.1.6 13.71 116.02 129.73 NOTE
r-release-macos-arm64 1.1.6 29.00 OK
r-release-macos-x86_64 1.1.6 97.00 OK
r-release-windows-x86_64 1.1.6 38.00 186.00 224.00 OK
r-oldrel-macos-arm64 1.1.6 35.00 OK
r-oldrel-macos-x86_64 1.1.6 50.00 OK
r-oldrel-windows-ix86+x86_64 1.1.6 29.00 149.00 178.00 OK

Check Details

Version: 1.1.6
Check: for non-standard things in the check directory
Result: NOTE
    Found the following files/directories:
     ‘co2’ ‘co2.1’ ‘co2.2’ ‘co2s.1’ ‘co2s.2’ ‘ctm.1’ ‘ctm.2’ ‘m’ ‘m.1’
     ‘m.2’ ‘test’ ‘test.1’ ‘test.2’ ‘testa.1’ ‘testa.2’ ‘xfile.1’
     ‘xfile.2’
Flavors: r-devel-linux-x86_64-debian-clang, r-devel-linux-x86_64-debian-gcc, r-devel-linux-x86_64-fedora-clang, r-devel-linux-x86_64-fedora-gcc, r-patched-linux-x86_64, r-release-linux-x86_64

Version: 1.1.6
Check: startup messages can be suppressed
Result: NOTE
    OMP: Warning #96: Cannot form a team with 24 threads, using 2 instead.
    OMP: Hint Consider unsetting KMP_DEVICE_THREAD_LIMIT (KMP_ALL_THREADS), KMP_TEAMS_THREAD_LIMIT, and OMP_THREAD_LIMIT (if any are set).
    
    It looks like this package (or a package it requires) has a startup
    message which cannot be suppressed: see ?packageStartupMessage.
Flavor: r-devel-linux-x86_64-fedora-clang