Last updated on 2023-03-27 03:53:49 CEST.
Flavor | Version | Tinstall | Tcheck | Ttotal | Status | Flags |
---|---|---|---|---|---|---|
r-devel-linux-x86_64-debian-clang | 0.1.4 | 109.02 | 358.72 | 467.74 | NOTE | |
r-devel-linux-x86_64-debian-gcc | 0.1.4 | 85.84 | 262.01 | 347.85 | NOTE | |
r-devel-linux-x86_64-fedora-clang | 0.1.4 | 693.49 | NOTE | |||
r-devel-linux-x86_64-fedora-gcc | 0.1.4 | 642.02 | NOTE | |||
r-patched-linux-x86_64 | 0.1.4 | 86.54 | 343.62 | 430.16 | NOTE | |
r-release-linux-x86_64 | 0.1.4 | 80.30 | 346.21 | 426.51 | OK | |
r-release-macos-arm64 | 0.1.4 | 152.00 | NOTE | |||
r-release-macos-x86_64 | 0.1.4 | 276.00 | NOTE | |||
r-release-windows-x86_64 | 0.1.4 | 148.00 | 466.00 | 614.00 | OK | |
r-oldrel-macos-arm64 | 0.1.4 | 138.00 | NOTE | |||
r-oldrel-macos-x86_64 | 0.1.4 | 191.00 | NOTE | |||
r-oldrel-windows-ix86+x86_64 | 0.1.4 | 260.00 | 588.00 | 848.00 | OK |
Version: 0.1.4
Check: C++ specification
Result: NOTE
Specified C++11: please drop specification unless essential
Flavors: r-devel-linux-x86_64-debian-clang, r-devel-linux-x86_64-debian-gcc, r-devel-linux-x86_64-fedora-clang, r-devel-linux-x86_64-fedora-gcc, r-patched-linux-x86_64
Version: 0.1.4
Check: installed package size
Result: NOTE
installed size is 6.4Mb
sub-directories of 1Mb or more:
doc 1.2Mb
libs 4.0Mb
Flavors: r-release-macos-arm64, r-release-macos-x86_64, r-oldrel-macos-arm64, r-oldrel-macos-x86_64