Last updated on 2024-04-20 12:51:07 CEST.
Flavor | Version | Tinstall | Tcheck | Ttotal | Status | Flags |
---|---|---|---|---|---|---|
r-devel-linux-x86_64-debian-clang | 1.2.1 | 18.14 | 222.10 | 240.24 | OK | |
r-devel-linux-x86_64-debian-gcc | 1.2.1 | 17.81 | 164.48 | 182.29 | OK | |
r-devel-linux-x86_64-fedora-clang | 1.2.1 | 305.92 | NOTE | |||
r-devel-linux-x86_64-fedora-gcc | 1.2.1 | 300.44 | OK | |||
r-prerel-macos-arm64 | 1.2.1 | 82.00 | OK | |||
r-prerel-macos-x86_64 | 1.2.1 | 167.00 | OK | |||
r-prerel-windows-x86_64 | 1.2.1 | 21.00 | 242.00 | 263.00 | OK | |
r-patched-linux-x86_64 | 1.2.1 | 34.25 | 213.12 | 247.37 | OK | |
r-release-linux-x86_64 | 1.2.1 | 18.14 | 211.15 | 229.29 | OK | |
r-release-macos-arm64 | 1.2.1 | 96.00 | OK | |||
r-release-macos-x86_64 | 1.2.1 | 246.00 | OK | |||
r-release-windows-x86_64 | 1.2.1 | 27.00 | 264.00 | 291.00 | OK | |
r-oldrel-macos-arm64 | 1.2.1 | 78.00 | OK | |||
r-oldrel-windows-x86_64 | 1.2.1 | 29.00 | 213.00 | 242.00 | OK |
Version: 1.2.1
Check: Rd cross-references
Result: NOTE
Undeclared packages ‘partykit’, ‘Cubist’, ‘rules’, ‘h2o’, ‘agua’, ‘baguette’, ‘ipred’, ‘dbarts’, ‘lightgbm’, ‘bonsai’, ‘mboost’, ‘mda’, ‘sda’, ‘sparsediscrim’, ‘klaR’, ‘workflows’, ‘brulee’, ‘glmnet’, ‘rstan’, ‘rstanarm’, ‘naivebayes’, ‘plsmod’, ‘pscl’, ‘aorsf’, ‘randomForest’, ‘xrf’, ‘flexsurv’, ‘broom’ in Rd xrefs
Flavor: r-devel-linux-x86_64-fedora-clang