Last updated on 2025-02-05 12:48:41 CET.
Flavor | Version | Tinstall | Tcheck | Ttotal | Status | Flags |
---|---|---|---|---|---|---|
r-devel-linux-x86_64-debian-clang | 1.2.1 | 18.20 | 179.25 | 197.45 | NOTE | |
r-devel-linux-x86_64-debian-gcc | 1.2.1 | 11.94 | 119.47 | 131.41 | NOTE | |
r-devel-linux-x86_64-fedora-clang | 1.2.1 | 315.49 | OK | |||
r-devel-linux-x86_64-fedora-gcc | 1.2.1 | 307.53 | OK | |||
r-devel-windows-x86_64 | 1.2.1 | 21.00 | 250.00 | 271.00 | NOTE | |
r-patched-linux-x86_64 | 1.2.1 | 26.89 | 164.70 | 191.59 | OK | |
r-release-linux-x86_64 | 1.2.1 | 18.24 | 163.07 | 181.31 | OK | |
r-release-macos-arm64 | 1.2.1 | 82.00 | OK | |||
r-release-macos-x86_64 | 1.2.1 | 131.00 | OK | |||
r-release-windows-x86_64 | 1.2.1 | 21.00 | 243.00 | 264.00 | OK | |
r-oldrel-macos-arm64 | 1.2.1 | 96.00 | OK | |||
r-oldrel-macos-x86_64 | 1.2.1 | 246.00 | OK | |||
r-oldrel-windows-x86_64 | 1.2.1 | 26.00 | 286.00 | 312.00 | OK |
Version: 1.2.1
Check: Rd cross-references
Result: NOTE
Found the following Rd file(s) with Rd \link{} targets missing package
anchors:
details_survival_reg_flexsurv.Rd: strata
details_survival_reg_flexsurvspline.Rd: strata
Please provide package anchors for all Rd \link{} targets not in the
package itself and the base packages.
Flavors: r-devel-linux-x86_64-debian-clang, r-devel-linux-x86_64-debian-gcc, r-devel-windows-x86_64