Last updated on 2023-12-09 12:49:30 CET.
Flavor | Version | Tinstall | Tcheck | Ttotal | Status | Flags |
---|---|---|---|---|---|---|
r-devel-linux-x86_64-debian-clang | 1.2.7 | 11.99 | 112.84 | 124.83 | NOTE | |
r-devel-linux-x86_64-debian-gcc | 1.2.7 | 10.13 | 86.84 | 96.97 | NOTE | |
r-devel-linux-x86_64-fedora-clang | 1.2.7 | 155.06 | OK | |||
r-devel-linux-x86_64-fedora-gcc | 1.2.7 | 150.97 | OK | |||
r-devel-windows-x86_64 | 1.2.7 | 14.00 | 113.00 | 127.00 | OK | |
r-patched-linux-x86_64 | 1.2.7 | 16.70 | 112.91 | 129.61 | OK | |
r-release-linux-x86_64 | 1.2.7 | 11.47 | 110.01 | 121.48 | OK | |
r-release-macos-arm64 | 1.2.7 | 57.00 | OK | |||
r-release-macos-x86_64 | 1.2.7 | 93.00 | OK | |||
r-release-windows-x86_64 | 1.2.7 | 16.00 | 131.00 | 147.00 | OK | |
r-oldrel-macos-arm64 | 1.2.7 | 51.00 | OK | |||
r-oldrel-macos-x86_64 | 1.2.7 | 69.00 | OK | |||
r-oldrel-windows-x86_64 | 1.2.7 | 16.00 | 139.00 | 155.00 | OK |
Version: 1.2.7
Check: Rd files
Result: NOTE
checkRd: (-1) summary.parsec.Rd:13-14: Lost braces in \itemize; meant \describe ?
Flavors: r-devel-linux-x86_64-debian-clang, r-devel-linux-x86_64-debian-gcc