CRAN Package Check Results for Package parlitools

Last updated on 2022-01-19 21:50:43 CET.

Flavor Version Tinstall Tcheck Ttotal Status Flags
r-devel-linux-x86_64-debian-clang 0.4.1 OK
r-devel-linux-x86_64-debian-gcc 0.4.1 8.19 68.86 77.05 OK
r-devel-linux-x86_64-fedora-clang 0.4.1 121.39 NOTE
r-devel-linux-x86_64-fedora-gcc 0.4.1 119.27 NOTE
r-devel-windows-x86_64-new-UL 0.4.1 59.00 119.00 178.00 OK
r-devel-windows-x86_64-new-TK 0.4.1 NOTE
r-patched-linux-x86_64 0.4.1 8.22 87.53 95.75 OK
r-release-linux-x86_64 0.4.1 OK
r-release-macos-arm64 0.4.1 NOTE
r-release-macos-x86_64 0.4.1 NOTE
r-release-windows-ix86+x86_64 0.4.1 20.00 107.00 127.00 OK
r-oldrel-macos-x86_64 0.4.1 NOTE
r-oldrel-windows-ix86+x86_64 0.4.1 21.00 103.00 124.00 OK

Check Details

Version: 0.4.1
Check: data for non-ASCII characters
Result: NOTE
     Note: found 16 marked UTF-8 strings
Flavors: r-devel-linux-x86_64-fedora-clang, r-devel-linux-x86_64-fedora-gcc, r-devel-windows-x86_64-new-TK, r-release-macos-arm64, r-release-macos-x86_64, r-oldrel-macos-x86_64