Last updated on 2025-01-25 06:49:19 CET.
Flavor | Version | Tinstall | Tcheck | Ttotal | Status | Flags |
---|---|---|---|---|---|---|
r-devel-linux-x86_64-debian-clang | 0.1.7 | 57.99 | 65.64 | 123.63 | NOTE | |
r-devel-linux-x86_64-debian-gcc | 0.1.7 | 41.87 | 49.40 | 91.27 | NOTE | |
r-devel-linux-x86_64-fedora-clang | 0.1.7 | 226.98 | NOTE | |||
r-devel-linux-x86_64-fedora-gcc | 0.1.7 | 242.56 | NOTE | |||
r-devel-windows-x86_64 | 0.1.7 | 63.00 | 98.00 | 161.00 | NOTE | |
r-patched-linux-x86_64 | 0.1.7 | 59.55 | 62.94 | 122.49 | NOTE | |
r-release-linux-x86_64 | 0.1.7 | 58.34 | 62.36 | 120.70 | NOTE | |
r-release-macos-arm64 | 0.1.7 | 60.00 | NOTE | |||
r-release-macos-x86_64 | 0.1.7 | 76.00 | NOTE | |||
r-release-windows-x86_64 | 0.1.7 | 64.00 | 96.00 | 160.00 | NOTE | |
r-oldrel-macos-arm64 | 0.1.7 | 73.00 | NOTE | |||
r-oldrel-macos-x86_64 | 0.1.7 | 121.00 | NOTE | |||
r-oldrel-windows-x86_64 | 0.1.7 | 74.00 | 125.00 | 199.00 | NOTE |
Version: 0.1.7
Check: C++ specification
Result: NOTE
Specified C++11: please drop specification unless essential
Flavors: r-devel-linux-x86_64-debian-clang, r-devel-linux-x86_64-debian-gcc, r-devel-linux-x86_64-fedora-clang, r-devel-linux-x86_64-fedora-gcc, r-devel-windows-x86_64, r-patched-linux-x86_64, r-release-linux-x86_64, r-release-macos-arm64, r-release-macos-x86_64, r-release-windows-x86_64, r-oldrel-macos-arm64, r-oldrel-macos-x86_64, r-oldrel-windows-x86_64