CRAN Package Check Results for Package parfm

Last updated on 2020-09-24 12:50:48 CEST.

Flavor Version Tinstall Tcheck Ttotal Status Flags
r-devel-linux-x86_64-debian-clang 2.7.6 9.48 212.98 222.46 NOTE
r-devel-linux-x86_64-debian-gcc 2.7.6 8.78 158.46 167.24 NOTE
r-devel-linux-x86_64-fedora-clang 2.7.6 266.68 NOTE
r-devel-linux-x86_64-fedora-gcc 2.7.6 262.50 NOTE
r-devel-windows-ix86+x86_64 2.7.6 21.00 200.00 221.00 OK
r-patched-linux-x86_64 2.7.6 9.63 207.25 216.88 NOTE
r-patched-solaris-x86 2.7.6 329.20 NOTE
r-release-linux-x86_64 2.7.6 9.17 207.55 216.72 NOTE
r-release-macos-x86_64 2.7.6 OK
r-release-windows-ix86+x86_64 2.7.6 26.00 265.00 291.00 OK
r-oldrel-macos-x86_64 2.7.6 OK
r-oldrel-windows-ix86+x86_64 2.7.6 14.00 250.00 264.00 OK

Check Details

Version: 2.7.6
Check: for non-standard things in the check directory
Result: NOTE
    Found the following files/directories:
     'NUL'
Flavors: r-devel-linux-x86_64-debian-clang, r-devel-linux-x86_64-debian-gcc, r-devel-linux-x86_64-fedora-clang, r-devel-linux-x86_64-fedora-gcc, r-patched-linux-x86_64, r-patched-solaris-x86, r-release-linux-x86_64