CRAN Package Check Results for Package parcoords

Last updated on 2020-07-03 03:47:16 CEST.

Flavor Version Tinstall Tcheck Ttotal Status Flags
r-devel-linux-x86_64-debian-clang 1.0.0 2.34 29.44 31.78 NOTE
r-devel-linux-x86_64-debian-gcc 1.0.0 1.89 23.76 25.65 NOTE
r-devel-linux-x86_64-fedora-clang 1.0.0 45.99 OK
r-devel-linux-x86_64-fedora-gcc 1.0.0 37.21 OK
r-devel-windows-ix86+x86_64 1.0.0 10.00 39.00 49.00 NOTE
r-patched-linux-x86_64 1.0.0 2.40 29.25 31.65 NOTE
r-patched-solaris-x86 1.0.0 56.40 WARN
r-release-linux-x86_64 1.0.0 2.58 29.10 31.68 NOTE
r-release-osx-x86_64 1.0.0 OK
r-release-windows-ix86+x86_64 1.0.0 7.00 43.00 50.00 NOTE
r-oldrel-osx-x86_64 1.0.0 WARN
r-oldrel-windows-ix86+x86_64 1.0.0 5.00 62.00 67.00 OK

Check Details

Version: 1.0.0
Check: package vignettes
Result: NOTE
    Package vignette with placeholder title 'Vignette Title':
     'introduction-to-parcoords-.Rmd'
Flavors: r-devel-linux-x86_64-debian-clang, r-devel-linux-x86_64-debian-gcc, r-devel-windows-ix86+x86_64, r-patched-linux-x86_64, r-release-linux-x86_64, r-release-windows-ix86+x86_64

Version: 1.0.0
Check: re-building of vignette outputs
Result: WARN
    Error(s) in re-building vignettes:
     ...
    --- re-building ‘introduction-to-parcoords-.Rmd’ using rmarkdown
    Warning in engine$weave(file, quiet = quiet, encoding = enc) :
     Pandoc (>= 1.12.3) and/or pandoc-citeproc not available. Falling back to R Markdown v1.
    Quitting from lines 27-30 (introduction-to-parcoords-.Rmd)
    Error: processing vignette 'introduction-to-parcoords-.Rmd' failed with diagnostics:
    there is no package called 'webshot'
    --- failed re-building ‘introduction-to-parcoords-.Rmd’
    
    SUMMARY: processing the following file failed:
     ‘introduction-to-parcoords-.Rmd’
    
    Error: Vignette re-building failed.
    Execution halted
Flavor: r-patched-solaris-x86

Version: 1.0.0
Check: re-building of vignette outputs
Result: WARN
    Error(s) in re-building vignettes:
     ...
    --- re-building ‘introduction-to-parcoords-.Rmd’ using rmarkdown
    Warning in engine$weave(file, quiet = quiet, encoding = enc) :
     Pandoc (>= 1.12.3) and/or pandoc-citeproc not available. Falling back to R Markdown v1.
    Quitting from lines 27-30 (introduction-to-parcoords-.Rmd)
    Error: processing vignette 'introduction-to-parcoords-.Rmd' failed with diagnostics:
    cannot open the connection
    --- failed re-building ‘introduction-to-parcoords-.Rmd’
    
    SUMMARY: processing the following file failed:
     ‘introduction-to-parcoords-.Rmd’
    
    Error: Vignette re-building failed.
    Execution halted
Flavor: r-oldrel-osx-x86_64