Last updated on 2023-09-29 12:57:04 CEST.
Flavor | Version | Tinstall | Tcheck | Ttotal | Status | Flags |
---|---|---|---|---|---|---|
r-devel-linux-x86_64-debian-clang | 0.2.6 | 71.70 | 130.94 | 202.64 | NOTE | |
r-devel-linux-x86_64-debian-gcc | 0.2.6 | 50.54 | 87.20 | 137.74 | NOTE | |
r-devel-linux-x86_64-fedora-clang | 0.2.6 | 293.00 | NOTE | |||
r-devel-linux-x86_64-fedora-gcc | 0.2.6 | 289.20 | NOTE | |||
r-devel-windows-x86_64 | 0.2.6 | 58.00 | 155.00 | 213.00 | NOTE | |
r-patched-linux-x86_64 | 0.2.6 | 71.15 | 129.76 | 200.91 | NOTE | |
r-release-linux-x86_64 | 0.2.6 | 76.14 | 129.03 | 205.17 | NOTE | |
r-release-macos-arm64 | 0.2.6 | 74.00 | NOTE | |||
r-release-macos-x86_64 | 0.2.6 | 142.00 | NOTE | |||
r-release-windows-x86_64 | 0.2.6 | 74.00 | 178.00 | 252.00 | NOTE | |
r-oldrel-macos-arm64 | 0.2.6 | 63.00 | OK | |||
r-oldrel-macos-x86_64 | 0.2.6 | 84.00 | OK | |||
r-oldrel-windows-x86_64 | 0.2.6 | 74.00 | 167.00 | 241.00 | OK |
Version: 0.2.6
Check: C++ specification
Result: NOTE
Specified C++11: please drop specification unless essential
Flavors: r-devel-linux-x86_64-debian-clang, r-devel-linux-x86_64-debian-gcc, r-devel-linux-x86_64-fedora-clang, r-devel-linux-x86_64-fedora-gcc, r-devel-windows-x86_64, r-patched-linux-x86_64, r-release-linux-x86_64, r-release-macos-arm64, r-release-macos-x86_64, r-release-windows-x86_64