CRAN Package Check Results for Package panelWranglR

Last updated on 2025-01-21 21:49:18 CET.

Flavor Version Tinstall Tcheck Ttotal Status Flags
r-devel-linux-x86_64-debian-clang 1.2.13 12.47 132.31 144.78 OK
r-devel-linux-x86_64-debian-gcc 1.2.13 11.04 96.83 107.87 OK
r-devel-linux-x86_64-fedora-clang 1.2.13 228.77 OK
r-devel-linux-x86_64-fedora-gcc 1.2.13 207.94 OK
r-devel-windows-x86_64 1.2.13 15.00 137.00 152.00 OK
r-patched-linux-x86_64 1.2.13 10.03 120.45 130.48 NOTE
r-release-linux-x86_64 1.2.13 12.48 121.14 133.62 NOTE
r-release-macos-arm64 1.2.13 64.00 NOTE
r-release-macos-x86_64 1.2.13 89.00 NOTE
r-release-windows-x86_64 1.2.13 14.00 140.00 154.00 NOTE
r-oldrel-macos-arm64 1.2.13 73.00 NOTE
r-oldrel-macos-x86_64 1.2.13 116.00 NOTE
r-oldrel-windows-x86_64 1.2.13 18.00 173.00 191.00 NOTE

Check Details

Version: 1.2.13
Check: LazyData
Result: NOTE 'LazyData' is specified without a 'data' directory Flavors: r-patched-linux-x86_64, r-release-linux-x86_64, r-release-macos-arm64, r-release-macos-x86_64, r-release-windows-x86_64, r-oldrel-macos-arm64, r-oldrel-macos-x86_64, r-oldrel-windows-x86_64