Last updated on 2025-04-29 12:52:44 CEST.
Flavor | Version | Tinstall | Tcheck | Ttotal | Status | Flags |
---|---|---|---|---|---|---|
r-devel-linux-x86_64-debian-clang | 1.0 | 3.00 | 30.51 | 33.51 | NOTE | |
r-devel-linux-x86_64-debian-gcc | 1.0 | 2.48 | 21.88 | 24.36 | OK | |
r-devel-linux-x86_64-fedora-clang | 1.0 | 52.85 | OK | |||
r-devel-linux-x86_64-fedora-gcc | 1.0 | 50.09 | OK | |||
r-devel-windows-x86_64 | 1.0 | 4.00 | 51.00 | 55.00 | OK | |
r-patched-linux-x86_64 | 1.0 | 3.45 | 29.07 | 32.52 | OK | |
r-release-linux-x86_64 | 1.0 | 3.11 | 29.02 | 32.13 | OK | |
r-release-macos-arm64 | 1.0 | 20.00 | OK | |||
r-release-macos-x86_64 | 1.0 | 39.00 | OK | |||
r-release-windows-x86_64 | 1.0 | 4.00 | 55.00 | 59.00 | OK | |
r-oldrel-macos-arm64 | 1.0 | 23.00 | OK | |||
r-oldrel-macos-x86_64 | 1.0 | 32.00 | OK | |||
r-oldrel-windows-x86_64 | 1.0 | 6.00 | 50.00 | 56.00 | OK |
Version: 1.0
Check: examples
Result: NOTE
Examples with CPU (user + system) or elapsed time > 5s
user system elapsed
astro 6.437 0.003 8.019
Flavor: r-devel-linux-x86_64-debian-clang