CRAN Package Check Results for Package palettetown

Last updated on 2025-04-29 12:52:44 CEST.

Flavor Version Tinstall Tcheck Ttotal Status Flags
r-devel-linux-x86_64-debian-clang 0.1.1 1.78 19.57 21.35 NOTE
r-devel-linux-x86_64-debian-gcc 0.1.1 1.43 15.62 17.05 NOTE
r-devel-linux-x86_64-fedora-clang 0.1.1 32.61 OK
r-devel-linux-x86_64-fedora-gcc 0.1.1 31.48 OK
r-devel-windows-x86_64 0.1.1 2.00 41.00 43.00 OK
r-patched-linux-x86_64 0.1.1 1.80 18.75 20.55 OK
r-release-linux-x86_64 0.1.1 1.50 18.56 20.06 OK
r-release-macos-arm64 0.1.1 16.00 OK
r-release-macos-x86_64 0.1.1 24.00 OK
r-release-windows-x86_64 0.1.1 2.00 42.00 44.00 OK
r-oldrel-macos-arm64 0.1.1 14.00 OK
r-oldrel-macos-x86_64 0.1.1 21.00 OK
r-oldrel-windows-x86_64 0.1.1 2.00 44.00 46.00 OK

Check Details

Version: 0.1.1
Check: CRAN incoming feasibility
Result: NOTE Maintainer: ‘Tim Lucas <timcdlucas@gmail.com>’ No Authors@R field in DESCRIPTION. Please add one, modifying Authors@R: person(given = "Tim", family = "Lucas", role = c("aut", "cre"), email = "timcdlucas@gmail.com") as necessary. Flavors: r-devel-linux-x86_64-debian-clang, r-devel-linux-x86_64-debian-gcc