Last updated on 2023-03-20 12:51:18 CET.
Flavor | Version | Tinstall | Tcheck | Ttotal | Status | Flags |
---|---|---|---|---|---|---|
r-devel-linux-x86_64-debian-clang | 0.0.8 | NOTE | ||||
r-devel-linux-x86_64-debian-gcc | 0.0.8 | 6.95 | 58.37 | 65.32 | NOTE | |
r-devel-linux-x86_64-fedora-clang | 0.0.8 | 102.80 | NOTE | |||
r-devel-linux-x86_64-fedora-gcc | 0.0.8 | 113.58 | NOTE | |||
r-patched-linux-x86_64 | 0.0.8 | 6.83 | 68.58 | 75.41 | NOTE | |
r-release-linux-x86_64 | 0.0.8 | 7.36 | 69.12 | 76.48 | NOTE | |
r-release-macos-arm64 | 0.0.8 | 33.00 | NOTE | |||
r-release-macos-x86_64 | 0.0.8 | 44.00 | NOTE | |||
r-release-windows-x86_64 | 0.0.8 | 21.00 | 104.00 | 125.00 | NOTE | |
r-oldrel-macos-arm64 | 0.0.8 | 41.00 | NOTE | |||
r-oldrel-macos-x86_64 | 0.0.8 | 48.00 | NOTE | |||
r-oldrel-windows-ix86+x86_64 | 0.0.8 | 16.00 | 89.00 | 105.00 | NOTE |
Version: 0.0.8
Check: package dependencies
Result: NOTE
Package which this enhances but not available for checking: ‘CorShrink’
Flavors: r-devel-linux-x86_64-debian-clang, r-devel-linux-x86_64-debian-gcc, r-devel-linux-x86_64-fedora-clang, r-devel-linux-x86_64-fedora-gcc, r-patched-linux-x86_64, r-release-linux-x86_64, r-release-macos-x86_64, r-release-windows-x86_64, r-oldrel-macos-x86_64, r-oldrel-windows-ix86+x86_64
Version: 0.0.8
Check: package dependencies
Result: NOTE
Packages which this enhances but not available for checking:
'CorShrink', 'edgeR'
Flavors: r-release-macos-arm64, r-oldrel-macos-arm64