Last updated on 2024-04-18 03:52:03 CEST.
Flavor | Version | Tinstall | Tcheck | Ttotal | Status | Flags |
---|---|---|---|---|---|---|
r-devel-linux-x86_64-debian-clang | 0.7.2 | 177.95 | 55.52 | 233.47 | OK | |
r-devel-linux-x86_64-debian-gcc | 0.7.2 | 153.39 | 40.31 | 193.70 | OK | |
r-devel-linux-x86_64-fedora-clang | 0.7.2 | 311.72 | NOTE | |||
r-devel-linux-x86_64-fedora-gcc | 0.7.2 | 341.43 | OK | |||
r-prerel-macos-arm64 | 0.7.2 | 101.00 | NOTE | |||
r-prerel-macos-x86_64 | 0.7.2 | 278.00 | NOTE | |||
r-prerel-windows-x86_64 | 0.7.2 | 381.00 | 66.00 | 447.00 | NOTE | |
r-patched-linux-x86_64 | 0.7.2 | 176.83 | 52.85 | 229.68 | OK | |
r-release-linux-x86_64 | 0.7.2 | 183.55 | 52.62 | 236.17 | OK | |
r-release-macos-arm64 | 0.7.2 | 130.00 | NOTE | |||
r-release-macos-x86_64 | 0.7.2 | 291.00 | NOTE | |||
r-release-windows-x86_64 | 0.7.2 | 377.00 | 75.00 | 452.00 | NOTE | |
r-oldrel-macos-arm64 | 0.7.2 | 108.00 | NOTE | |||
r-oldrel-windows-x86_64 | 0.7.2 | 408.00 | 64.00 | 472.00 | NOTE |
Version: 0.7.2
Check: installed package size
Result: NOTE
installed size is 7.9Mb
sub-directories of 1Mb or more:
library 7.1Mb
Flavors: r-devel-linux-x86_64-fedora-clang, r-prerel-macos-arm64, r-prerel-macos-x86_64, r-prerel-windows-x86_64, r-release-macos-arm64, r-release-macos-x86_64, r-release-windows-x86_64, r-oldrel-macos-arm64, r-oldrel-windows-x86_64