CRAN Package Check Results for Package pagoda2

Last updated on 2021-10-24 21:50:02 CEST.

Flavor Version Tinstall Tcheck Ttotal Status Flags
r-devel-linux-x86_64-debian-clang 1.0.6 160.00 132.50 292.50 OK
r-devel-linux-x86_64-debian-gcc 1.0.6 121.73 100.06 221.79 OK
r-devel-windows-x86_64 1.0.6 221.00 167.00 388.00 OK
r-devel-windows-x86_64-gcc10-UCRT 1.0.6 OK
r-patched-linux-x86_64 1.0.6 142.76 125.74 268.50 OK
r-release-linux-x86_64 1.0.6 134.36 125.87 260.23 OK
r-release-macos-arm64 1.0.5 ERROR
r-release-macos-x86_64 1.0.6 NOTE
r-release-windows-ix86+x86_64 1.0.6 298.00 181.00 479.00 OK
r-oldrel-macos-x86_64 1.0.6 NOTE
r-oldrel-windows-ix86+x86_64 1.0.6 275.00 157.00 432.00 OK

Check Details

Version: 1.0.5
Check: package dependencies
Result: ERROR
    Package required but not available: ‘N2R’
    
    Package suggested but not available for checking: ‘scde’
    
    See section ‘The DESCRIPTION file’ in the ‘Writing R Extensions’
    manual.
Flavor: r-release-macos-arm64

Version: 1.0.6
Check: package dependencies
Result: NOTE
    Packages suggested but not available for checking:
     'GO.db', 'org.Dr.eg.db', 'org.Hs.eg.db', 'org.Mm.eg.db', 'scde'
Flavor: r-release-macos-x86_64

Version: 1.0.6
Check: installed package size
Result: NOTE
     installed size is 7.1Mb
     sub-directories of 1Mb or more:
     libs 5.4Mb
Flavors: r-release-macos-x86_64, r-oldrel-macos-x86_64

Version: 1.0.6
Check: package dependencies
Result: NOTE
    Packages suggested but not available for checking: 'org.Dr.eg.db', 'scde'
Flavor: r-oldrel-macos-x86_64