Last updated on 2022-05-26 12:53:46 CEST.
Flavor | Version | Tinstall | Tcheck | Ttotal | Status | Flags |
---|---|---|---|---|---|---|
r-devel-linux-x86_64-debian-clang | 1.0.1 | 3.50 | 42.80 | 46.30 | NOTE | |
r-devel-linux-x86_64-debian-gcc | 1.0.1 | 2.20 | 36.24 | 38.44 | NOTE | |
r-devel-linux-x86_64-fedora-clang | 1.0.1 | 56.37 | NOTE | |||
r-devel-linux-x86_64-fedora-gcc | 1.0.1 | 44.16 | NOTE | |||
r-devel-windows-x86_64 | 1.0.1 | 9.00 | 59.00 | 68.00 | NOTE | |
r-patched-linux-x86_64 | 1.0.1 | 3.09 | 41.63 | 44.72 | NOTE | |
r-release-linux-x86_64 | 1.0.1 | NOTE | ||||
r-release-macos-arm64 | 1.0.1 | 19.00 | NOTE | |||
r-release-macos-x86_64 | 1.0.1 | 27.00 | NOTE | |||
r-release-windows-x86_64 | 1.0.1 | 11.00 | 106.00 | 117.00 | NOTE | |
r-oldrel-macos-arm64 | 1.0.1 | 23.00 | NOTE | |||
r-oldrel-macos-x86_64 | 1.0.1 | 34.00 | NOTE | |||
r-oldrel-windows-ix86+x86_64 | 1.0.1 | 8.00 | 54.00 | 62.00 | NOTE |
Version: 1.0.1
Check: LazyData
Result: NOTE
'LazyData' is specified without a 'data' directory
Flavors: r-devel-linux-x86_64-debian-clang, r-devel-linux-x86_64-debian-gcc, r-devel-linux-x86_64-fedora-clang, r-devel-linux-x86_64-fedora-gcc, r-devel-windows-x86_64, r-patched-linux-x86_64, r-release-linux-x86_64, r-release-macos-arm64, r-release-macos-x86_64, r-release-windows-x86_64, r-oldrel-macos-arm64, r-oldrel-macos-x86_64, r-oldrel-windows-ix86+x86_64
Version: 1.0.1
Check: dependencies in R code
Result: NOTE
Namespace in Imports field not imported from: ‘e1071’
All declared Imports should be used.
Flavors: r-devel-linux-x86_64-fedora-clang, r-devel-linux-x86_64-fedora-gcc, r-release-macos-arm64, r-release-macos-x86_64, r-oldrel-macos-arm64, r-oldrel-macos-x86_64