Last updated on 2021-03-01 21:48:36 CET.
Flavor | Version | Tinstall | Tcheck | Ttotal | Status | Flags |
---|---|---|---|---|---|---|
r-devel-linux-x86_64-debian-clang | 0.5.1 | OK | ||||
r-devel-linux-x86_64-debian-gcc | 0.5.1 | 2.98 | 27.36 | 30.34 | OK | |
r-devel-linux-x86_64-fedora-clang | 0.5.1 | 57.70 | NOTE | |||
r-devel-linux-x86_64-fedora-gcc | 0.5.1 | 47.49 | OK | |||
r-devel-windows-ix86+x86_64 | 0.5.1 | 7.00 | 41.00 | 48.00 | OK | |
r-patched-linux-x86_64 | 0.5.1 | 3.45 | 37.33 | 40.78 | OK | |
r-patched-solaris-x86 | 0.5.1 | 71.30 | OK | |||
r-release-linux-x86_64 | 0.5.1 | 3.63 | 37.47 | 41.10 | OK | |
r-release-macos-x86_64 | 0.5.1 | OK | ||||
r-release-windows-ix86+x86_64 | 0.5.1 | 6.00 | 64.00 | 70.00 | OK | |
r-oldrel-macos-x86_64 | 0.5.1 | OK | ||||
r-oldrel-windows-ix86+x86_64 | 0.5.1 | 4.00 | 80.00 | 84.00 | OK |
Version: 0.5.1
Check: Rd cross-references
Result: NOTE
Undeclared package ‘devtools’ in Rd xrefs
Flavor: r-devel-linux-x86_64-fedora-clang