CRAN Package Check Results for Package packcircles

Last updated on 2020-07-08 03:47:59 CEST.

Flavor Version Tinstall Tcheck Ttotal Status Flags
r-devel-linux-x86_64-debian-clang 0.3.3 53.35 42.49 95.84 OK
r-devel-linux-x86_64-debian-gcc 0.3.3 36.25 32.89 69.14 OK
r-devel-linux-x86_64-fedora-clang 0.3.3 128.45 OK
r-devel-linux-x86_64-fedora-gcc 0.3.3 111.38 OK
r-devel-windows-ix86+x86_64 0.3.3 105.00 77.00 182.00 OK
r-patched-linux-x86_64 0.3.3 39.68 41.14 80.82 OK
r-patched-solaris-x86 0.3.3 119.90 WARN
r-release-linux-x86_64 0.3.3 41.05 42.31 83.36 OK
r-release-osx-x86_64 0.3.3 OK
r-release-windows-ix86+x86_64 0.3.3 92.00 74.00 166.00 OK
r-oldrel-osx-x86_64 0.3.3 WARN
r-oldrel-windows-ix86+x86_64 0.3.3 93.00 99.00 192.00 OK

Check Details

Version: 0.3.3
Check: re-building of vignette outputs
Result: WARN
    Error(s) in re-building vignettes:
     ...
    --- re-building ‘graph_packing.Rmd’ using rmarkdown
    Warning in engine$weave(file, quiet = quiet, encoding = enc) :
     Pandoc (>= 1.12.3) and/or pandoc-citeproc not available. Falling back to R Markdown v1.
    --- finished re-building ‘graph_packing.Rmd’
    
    --- re-building ‘intro.Rmd’ using rmarkdown
    Warning in engine$weave(file, quiet = quiet, encoding = enc) :
     Pandoc (>= 1.12.3) and/or pandoc-citeproc not available. Falling back to R Markdown v1.
    --- finished re-building ‘intro.Rmd’
    
    --- re-building ‘progressive_packing.Rmd’ using rmarkdown
    Warning in engine$weave(file, quiet = quiet, encoding = enc) :
     Pandoc (>= 1.12.3) and/or pandoc-citeproc not available. Falling back to R Markdown v1.
    Quitting from lines 196-217 (progressive_packing.Rmd)
    Error: processing vignette 'progressive_packing.Rmd' failed with diagnostics:
    there is no package called 'webshot'
    --- failed re-building ‘progressive_packing.Rmd’
    
    SUMMARY: processing the following file failed:
     ‘progressive_packing.Rmd’
    
    Error: Vignette re-building failed.
    Execution halted
Flavor: r-patched-solaris-x86

Version: 0.3.3
Check: re-building of vignette outputs
Result: WARN
    Error(s) in re-building vignettes:
     ...
    --- re-building ‘graph_packing.Rmd’ using rmarkdown
    Warning in engine$weave(file, quiet = quiet, encoding = enc) :
     Pandoc (>= 1.12.3) and/or pandoc-citeproc not available. Falling back to R Markdown v1.
    --- finished re-building ‘graph_packing.Rmd’
    
    --- re-building ‘intro.Rmd’ using rmarkdown
    Warning in engine$weave(file, quiet = quiet, encoding = enc) :
     Pandoc (>= 1.12.3) and/or pandoc-citeproc not available. Falling back to R Markdown v1.
    --- finished re-building ‘intro.Rmd’
    
    --- re-building ‘progressive_packing.Rmd’ using rmarkdown
    Warning in engine$weave(file, quiet = quiet, encoding = enc) :
     Pandoc (>= 1.12.3) and/or pandoc-citeproc not available. Falling back to R Markdown v1.
    Quitting from lines 196-217 (progressive_packing.Rmd)
    Error: processing vignette 'progressive_packing.Rmd' failed with diagnostics:
    cannot open the connection
    --- failed re-building ‘progressive_packing.Rmd’
    
    SUMMARY: processing the following file failed:
     ‘progressive_packing.Rmd’
    
    Error: Vignette re-building failed.
    Execution halted
Flavor: r-oldrel-osx-x86_64