CRAN Package Check Results for Package pGMGM

Last updated on 2023-03-30 21:50:01 CEST.

Flavor Version Tinstall Tcheck Ttotal Status Flags
r-devel-linux-x86_64-debian-clang 1.0 7.00 49.89 56.89 OK
r-devel-linux-x86_64-debian-gcc 1.0 5.80 37.70 43.50 OK
r-devel-linux-x86_64-fedora-clang 1.0 72.36 NOTE
r-devel-linux-x86_64-fedora-gcc 1.0 68.69 NOTE
r-devel-windows-x86_64 1.0 18.00 0.00 18.00 OK
r-patched-linux-x86_64 1.0 7.63 48.43 56.06 OK
r-release-linux-x86_64 1.0 6.83 50.68 57.51 OK
r-release-macos-arm64 1.0 25.00 OK
r-release-macos-x86_64 1.0 33.00 OK
r-release-windows-x86_64 1.0 17.00 100.00 117.00 OK
r-oldrel-macos-arm64 1.0 29.00 OK
r-oldrel-macos-x86_64 1.0 39.00 OK
r-oldrel-windows-ix86+x86_64 1.0 21.00 116.00 137.00 OK

Check Details

Version: 1.0
Check: compiled code
Result: NOTE
    File ‘pGMGM/libs/pGMGM.so’:
     Found no calls to: ‘R_registerRoutines’, ‘R_useDynamicSymbols’
    
    It is good practice to register native routines and to disable symbol
    search.
    
    See ‘Writing portable packages’ in the ‘Writing R Extensions’ manual.
Flavors: r-devel-linux-x86_64-fedora-clang, r-devel-linux-x86_64-fedora-gcc