Last updated on 2024-03-28 12:50:41 CET.
Flavor | Version | Tinstall | Tcheck | Ttotal | Status | Flags |
---|---|---|---|---|---|---|
r-devel-linux-x86_64-debian-clang | 1.1.1 | 117.00 | 49.22 | 166.22 | OK | |
r-devel-linux-x86_64-debian-gcc | 1.1.1 | 78.23 | 36.93 | 115.16 | OK | |
r-devel-linux-x86_64-fedora-clang | 1.1.1 | 233.62 | OK | |||
r-devel-linux-x86_64-fedora-gcc | 1.1.1 | 235.94 | OK | |||
r-devel-windows-x86_64 | 1.1.1 | 80.00 | 76.00 | 156.00 | NOTE | |
r-patched-linux-x86_64 | 1.1.1 | 104.42 | 48.08 | 152.50 | OK | |
r-release-linux-x86_64 | 1.1.1 | 111.42 | 46.93 | 158.35 | OK | |
r-release-macos-arm64 | 1.1.1 | 57.00 | OK | |||
r-release-macos-x86_64 | 1.1.1 | 98.00 | OK | |||
r-release-windows-x86_64 | 1.1.1 | 96.00 | 86.00 | 182.00 | NOTE | |
r-oldrel-macos-arm64 | 1.1.1 | 51.00 | OK | |||
r-oldrel-windows-x86_64 | 1.1.1 | 96.00 | 84.00 | 180.00 | OK |
Version: 1.1.1
Check: C++ specification
Result: NOTE
Specified C++11: please drop specification unless essential
Flavors: r-devel-windows-x86_64, r-release-windows-x86_64