CRAN Package Check Results for Package ows4R

Last updated on 2022-10-01 12:56:19 CEST.

Flavor Version Tinstall Tcheck Ttotal Status Flags
r-devel-linux-x86_64-debian-clang 0.3-1 111.81 438.38 550.19 OK
r-devel-linux-x86_64-debian-gcc 0.3-1 85.09 318.90 403.99 OK
r-devel-linux-x86_64-fedora-clang 0.3-1 681.78 NOTE
r-devel-linux-x86_64-fedora-gcc 0.3-1 672.51 NOTE
r-devel-windows-x86_64 0.3-1 130.00 468.00 598.00 OK
r-patched-linux-x86_64 0.3-1 113.59 410.11 523.70 OK
r-release-linux-x86_64 0.3-1 101.40 410.10 511.50 OK
r-release-macos-arm64 0.3-1 141.00 NOTE
r-release-macos-x86_64 0.3-1 218.00 NOTE
r-release-windows-x86_64 0.3-1 129.00 440.00 569.00 OK
r-oldrel-macos-arm64 0.3-1 133.00 NOTE
r-oldrel-macos-x86_64 0.3-1 214.00 NOTE
r-oldrel-windows-ix86+x86_64 0.3-1 201.00 439.00 640.00 OK

Check Details

Version: 0.3-1
Check: dependencies in R code
Result: NOTE
    Namespace in Imports field not imported from: ‘jsonlite’
     All declared Imports should be used.
Flavors: r-devel-linux-x86_64-fedora-clang, r-devel-linux-x86_64-fedora-gcc, r-release-macos-arm64, r-release-macos-x86_64, r-oldrel-macos-arm64, r-oldrel-macos-x86_64