CRAN Package Check Results for Package ows4R

Last updated on 2020-06-03 06:48:40 CEST.

Flavor Version Tinstall Tcheck Ttotal Status Flags
r-devel-linux-x86_64-debian-clang 0.1-5 43.42 133.30 176.72 OK
r-devel-linux-x86_64-debian-gcc 0.1-5 35.03 102.82 137.85 OK
r-devel-linux-x86_64-fedora-clang 0.1-5 226.83 OK
r-devel-linux-x86_64-fedora-gcc 0.1-5 217.78 OK
r-devel-windows-ix86+x86_64 0.1-5 159.00 476.00 635.00 WARN
r-patched-linux-x86_64 0.1-5 42.87 131.21 174.08 OK
r-patched-solaris-x86 0.1-5 283.60 OK
r-release-linux-x86_64 0.1-5 47.00 135.38 182.38 OK
r-release-osx-x86_64 0.1-5 OK
r-release-windows-ix86+x86_64 0.1-5 139.00 423.00 562.00 OK
r-oldrel-osx-x86_64 0.1-5 OK
r-oldrel-windows-ix86+x86_64 0.1-5 152.00 469.00 621.00 OK

Check Details

Version: 0.1-5
Check: whether the namespace can be loaded with stated dependencies
Result: WARN
    
    A namespace must be able to be loaded with just the base namespace
    loaded: otherwise if the namespace gets loaded by a saved object, the
    session will be unable to start.
    
    Probably some imports need to be declared in the NAMESPACE file.
Flavor: r-devel-windows-ix86+x86_64