CRAN Package Check Results for Package overlapptest

Last updated on 2025-04-30 21:52:53 CEST.

Flavor Version Tinstall Tcheck Ttotal Status Flags
r-devel-linux-x86_64-debian-clang 1.3 6.14 64.12 70.26 NOTE
r-devel-linux-x86_64-debian-gcc 1.3 4.33 47.56 51.89 NOTE
r-devel-linux-x86_64-fedora-clang 1.3 109.55 OK
r-devel-linux-x86_64-fedora-gcc 1.3 119.62 OK
r-devel-windows-x86_64 1.3 8.00 94.00 102.00 OK
r-patched-linux-x86_64 1.3 6.51 60.19 66.70 OK
r-release-linux-x86_64 1.3 6.73 60.69 67.42 OK
r-release-macos-arm64 1.3 48.00 OK
r-release-macos-x86_64 1.4 85.00 OK
r-release-windows-x86_64 1.3 9.00 96.00 105.00 OK
r-oldrel-macos-arm64 1.3 40.00 OK
r-oldrel-macos-x86_64 1.4 97.00 OK
r-oldrel-windows-x86_64 1.3 9.00 98.00 107.00 OK

Check Details

Version: 1.3
Check: CRAN incoming feasibility
Result: NOTE Maintainer: ‘Marcelino de la Cruz <marcelino.delacruz@urjc.es>’ No Authors@R field in DESCRIPTION. Please add one, modifying Authors@R: c(person(given = c("Marcelino", "de", "la", "Cruz"), family = "Rot", role = "aut"), person(given = "Marcelino", family = "de la Cruz", role = "cre", email = "marcelino.delacruz@urjc.es")) as necessary. Flavors: r-devel-linux-x86_64-debian-clang, r-devel-linux-x86_64-debian-gcc