CRAN Package Check Results for Package outsider.base

Last updated on 2021-11-29 21:51:46 CET.

Flavor Version Tinstall Tcheck Ttotal Status Flags
r-devel-linux-x86_64-debian-clang 0.1.4 3.15 30.43 33.58 OK
r-devel-linux-x86_64-debian-gcc 0.1.4 2.40 23.72 26.12 OK
r-devel-linux-x86_64-fedora-clang 0.1.4 52.74 OK
r-devel-linux-x86_64-fedora-gcc 0.1.4 64.61 OK
r-devel-windows-x86_64-new-UL 0.1.4 14.00 69.00 83.00 OK
r-devel-windows-x86_64-new-TK 0.1.4 OK
r-devel-windows-x86_64-old 0.1.4 7.00 39.00 46.00 OK
r-patched-linux-x86_64 0.1.4 3.33 29.56 32.89 OK
r-patched-solaris-x86 0.1.4 62.50 NOTE
r-release-linux-x86_64 0.1.4 3.35 29.77 33.12 OK
r-release-macos-arm64 0.1.4 OK
r-release-macos-x86_64 0.1.4 OK
r-release-windows-ix86+x86_64 0.1.4 8.00 41.00 49.00 OK
r-oldrel-macos-x86_64 0.1.4 OK
r-oldrel-windows-ix86+x86_64 0.1.4 6.00 48.00 54.00 OK

Check Details

Version: 0.1.4
Check: package dependencies
Result: NOTE
    Package suggested but not available for checking: ‘ssh’
Flavor: r-patched-solaris-x86