Last updated on 2023-12-06 05:53:02 CET.
Flavor | Version | Tinstall | Tcheck | Ttotal | Status | Flags |
---|---|---|---|---|---|---|
r-devel-linux-x86_64-debian-clang | 0.2.2 | 3.18 | 38.68 | 41.86 | NOTE | |
r-devel-linux-x86_64-debian-gcc | 0.2.2 | 2.50 | 29.60 | 32.10 | NOTE | |
r-devel-linux-x86_64-fedora-clang | 0.2.2 | 52.07 | NOTE | |||
r-devel-linux-x86_64-fedora-gcc | 0.2.2 | 51.72 | NOTE | |||
r-devel-windows-x86_64 | 0.2.2 | 4.00 | 49.00 | 53.00 | NOTE | |
r-patched-linux-x86_64 | 0.2.2 | 1.77 | 37.40 | 39.17 | NOTE | |
r-release-linux-x86_64 | 0.2.2 | 2.03 | 37.38 | 39.41 | NOTE | |
r-release-macos-arm64 | 0.2.2 | 21.00 | NOTE | |||
r-release-macos-x86_64 | 0.2.2 | 28.00 | NOTE | |||
r-release-windows-x86_64 | 0.2.2 | 4.00 | 56.00 | 60.00 | NOTE | |
r-oldrel-macos-arm64 | 0.2.2 | 18.00 | NOTE | |||
r-oldrel-macos-x86_64 | 0.2.2 | 34.00 | NOTE | |||
r-oldrel-windows-x86_64 | 0.2.2 | 4.00 | 59.00 | 63.00 | NOTE |
Version: 0.2.2
Check: LazyData
Result: NOTE
'LazyData' is specified without a 'data' directory
Flavors: r-devel-linux-x86_64-debian-clang, r-devel-linux-x86_64-debian-gcc, r-devel-linux-x86_64-fedora-clang, r-devel-linux-x86_64-fedora-gcc, r-devel-windows-x86_64, r-patched-linux-x86_64, r-release-linux-x86_64, r-release-macos-arm64, r-release-macos-x86_64, r-release-windows-x86_64, r-oldrel-macos-arm64, r-oldrel-macos-x86_64, r-oldrel-windows-x86_64